{"id":49,"date":"2021-09-20T16:17:58","date_gmt":"2021-09-20T19:17:58","guid":{"rendered":"http:\/\/cloud.cnpgc.embrapa.br\/bpa-new\/?page_id=49"},"modified":"2023-08-23T09:11:14","modified_gmt":"2023-08-23T12:11:14","slug":"reportagens","status":"publish","type":"page","link":"https:\/\/cloud.cnpgc.embrapa.br\/bpa\/reportagens\/","title":{"rendered":"Reportagens"},"content":{"rendered":"\t\t<div data-elementor-type=\"wp-page\" data-elementor-id=\"49\" class=\"elementor elementor-49\">\n\t\t\t\t\t\t<section class=\"elementor-section elementor-top-section elementor-element elementor-element-125e0528 elementor-section-boxed elementor-section-height-default elementor-section-height-default\" data-id=\"125e0528\" data-element_type=\"section\" data-e-type=\"section\">\n\t\t\t\t\t\t<div class=\"elementor-container elementor-column-gap-default\">\n\t\t\t\t\t<div class=\"elementor-column elementor-col-100 elementor-top-column elementor-element elementor-element-62265415\" data-id=\"62265415\" data-element_type=\"column\" data-e-type=\"column\">\n\t\t\t<div class=\"elementor-widget-wrap elementor-element-populated\">\n\t\t\t\t\t\t<div class=\"elementor-element elementor-element-4293c8f elementor-widget elementor-widget-text-editor\" data-id=\"4293c8f\" data-element_type=\"widget\" data-e-type=\"widget\" data-widget_type=\"text-editor.default\">\n\t\t\t\t<div class=\"elementor-widget-container\">\n\t\t\t\t\t\t\t\t\t\n<p><a href=\"https:\/\/www.embrapa.br\/busca-de-noticias\/-\/noticia\/82920496\/bage-sediou-curso-de-atualizacao-do-programa-boas-praticas-agropecuarias\" target=\"_blank\" rel=\"noopener\">Bag\u00e9 sediou curso de atualiza\u00e7\u00e3o do Programa Boas Pr\u00e1ticas Agropecu\u00e1rias (Agost\/2023)<\/a><\/p>\n<p><a href=\"https:\/\/www.youtube.com\/watch?v=F7JrvQnervc&amp;list=PLpeCa88L_C-6tJaNBymHXNFxCwKaspDEr&amp;index=6\" target=\"_blank\" rel=\"noopener\">Embrapa renova normas do Programa BPA (Mar\u00e7o\/2023)<\/a><\/p>\n<p id=\"block-d8bec9d9-2f61-4243-9e91-490e8600f9e8\"><a href=\"http:\/\/mais.uol.com.br\/view\/8tncj14f7l3t\/dbo-na-tv-programa-de-boas-praticas-da-embrapa-04020D993162E4896326?types=A&amp;\">DBO na TV: programa de boas pr\u00e1ticas da Embrapa (Abril\/2017) \u2013 V\u00eddeo<\/a><\/p>\n\n<p id=\"block-72310f88-49b1-47f1-941d-74b70d559040\"><a href=\"https:\/\/www.youtube.com\/watch?v=sj24Npy2Opo\" target=\"_blank\" rel=\"noreferrer noopener\">Dezembro\/2014 \u2013 Fazenda Uni\u00e3o adota boas pr\u00e1ticas ambientais \u2013 V\u00eddeo<\/a><\/p>\n\n<p id=\"block-35f15edb-ddb7-4311-a871-7de20bcc2112\"><a href=\"http:\/\/www.youtube.com\/watch?v=lzLKeNPQFus&amp;feature=related\">Boas Pr\u00e1ticas Agropecu\u00e1rias \u2013 v\u00eddeo<\/a><\/p>\n\n<p id=\"block-a0dfd3f7-05e0-4087-9b8e-0411ede2f04e\"><a href=\"http:\/\/www.youtube.com\/watch?NR=1&amp;v=Kufj9YWS2wA&amp;feature=endscreen\">Embrapa cria cartilha de Boas Pr\u00e1ticas Agropecu\u00e1rias \u2013 Nelore Brasil \u2013 v\u00eddeo<\/a><\/p>\n\n<p id=\"block-42630e9d-51ba-4077-8b19-058ed9993ef7\"><a href=\"http:\/\/www.youtube.com\/watch?v=hTwRc2jSngs&amp;feature=relmfu\">Confira as vantagens econ\u00f4micas das boas pr\u00e1ticas agropecu\u00e1rias \u2013 Nelore Brasil \u2013 v\u00eddeo<\/a><\/p>\n\n<p id=\"block-ba4376fe-407c-4426-90e0-7caaaf24233a\"><a href=\"http:\/\/www.youtube.com\/watch?v=kIFhzl3eM4s(videodaABIECemespanhol)\">Brazilian Beef \u2013 ABIEC \u2013 Espanhol \u2013 v\u00eddeo<\/a><\/p>\n\n<p id=\"block-4c160c09-2afe-4c86-96e2-b582c2c136e1\"><a href=\"http:\/\/www.youtube.com\/watch?v=0zNUKL59iEM&amp;feature=relmfu(videoABIECemportugues\">The Brazilian Beef Stories \u2013 ABIEC \u2013 v\u00eddeo em portugu\u00eas<\/a><\/p>\n\n<p id=\"block-7509370a-201b-457f-99df-bd876f1ad721\">\u00a0<\/p>\n\t\t\t\t\t\t\t\t<\/div>\n\t\t\t\t<\/div>\n\t\t\t\t\t<\/div>\n\t\t<\/div>\n\t\t\t\t\t<\/div>\n\t\t<\/section>\n\t\t\t\t<\/div>\n\t\t","protected":false},"excerpt":{"rendered":"<p>Bag\u00e9 sediou curso de atualiza\u00e7\u00e3o do Programa Boas Pr\u00e1ticas Agropecu\u00e1rias (Agost\/2023) Embrapa renova normas do Programa BPA (Mar\u00e7o\/2023) DBO na TV: programa de boas pr\u00e1ticas da Embrapa (Abril\/2017) \u2013 V\u00eddeo Dezembro\/2014 \u2013 Fazenda Uni\u00e3o adota boas pr\u00e1ticas ambientais \u2013 V\u00eddeo Boas Pr\u00e1ticas Agropecu\u00e1rias \u2013 v\u00eddeo Embrapa cria cartilha de Boas Pr\u00e1ticas Agropecu\u00e1rias \u2013 Nelore Brasil<a class=\"moretag\" href=\"https:\/\/cloud.cnpgc.embrapa.br\/bpa\/reportagens\/\"><span class=\"screen-reader-text\">Read more about Reportagens<\/span>[&#8230;]<\/a><\/p>\n","protected":false},"author":50,"featured_media":0,"parent":0,"menu_order":0,"comment_status":"closed","ping_status":"closed","template":"","meta":{"_exactmetrics_skip_tracking":false,"_exactmetrics_sitenote_active":false,"_exactmetrics_sitenote_note":"","_exactmetrics_sitenote_category":0,"footnotes":""},"class_list":["post-49","page","type-page","status-publish","hentry"],"_links":{"self":[{"href":"https:\/\/cloud.cnpgc.embrapa.br\/bpa\/wp-json\/wp\/v2\/pages\/49","targetHints":{"allow":["GET"]}}],"collection":[{"href":"https:\/\/cloud.cnpgc.embrapa.br\/bpa\/wp-json\/wp\/v2\/pages"}],"about":[{"href":"https:\/\/cloud.cnpgc.embrapa.br\/bpa\/wp-json\/wp\/v2\/types\/page"}],"author":[{"embeddable":true,"href":"https:\/\/cloud.cnpgc.embrapa.br\/bpa\/wp-json\/wp\/v2\/users\/50"}],"replies":[{"embeddable":true,"href":"https:\/\/cloud.cnpgc.embrapa.br\/bpa\/wp-json\/wp\/v2\/comments?post=49"}],"version-history":[{"count":18,"href":"https:\/\/cloud.cnpgc.embrapa.br\/bpa\/wp-json\/wp\/v2\/pages\/49\/revisions"}],"predecessor-version":[{"id":14716,"href":"https:\/\/cloud.cnpgc.embrapa.br\/bpa\/wp-json\/wp\/v2\/pages\/49\/revisions\/14716"}],"wp:attachment":[{"href":"https:\/\/cloud.cnpgc.embrapa.br\/bpa\/wp-json\/wp\/v2\/media?parent=49"}],"curies":[{"name":"wp","href":"https:\/\/api.w.org\/{rel}","templated":true}]}}