{"id":5,"date":"2013-06-27T12:54:49","date_gmt":"2013-06-27T16:54:49","guid":{"rendered":"http:\/\/cloud.cnpgc.embrapa.br\/cibio\/?page_id=5"},"modified":"2021-08-08T09:21:42","modified_gmt":"2021-08-08T13:21:42","slug":"manual-de-biosseguranca","status":"publish","type":"page","link":"https:\/\/cloud.cnpgc.embrapa.br\/cibio\/manual-de-biosseguranca\/","title":{"rendered":"Manual de Biosseguran\u00e7a"},"content":{"rendered":"<p>A Biosseguran\u00e7a \u00e9 um conjunto de a\u00e7\u00f5es, regras e procedimentos voltados para a preven\u00e7\u00e3o, controle e minimiza\u00e7\u00e3o de riscos advindos da pr\u00e1tica de diferentes tecnologias, seja em laborat\u00f3rio ou no meio ambiente (lato sensu). No Brasil, restringe-se \u00e0 manipula\u00e7\u00e3o e utiliza\u00e7\u00e3o seguras de todo organismo vivo modificado por engenharia gen\u00e9tica (Lei de Biosseguran\u00e7a).<\/p>\n<p>A Embrapa Gado de Corte possui um manual espec\u00edfico de biosseguran\u00e7a que pode ser consultado aqui:\u00a0<a href=\"https:\/\/www.infoteca.cnptia.embrapa.br\/infoteca\/bitstream\/doc\/1130966\/1\/DOC-290-Final-em-Alta.pdf\" rel=\"attachment wp-att-241\">DOC290Final<\/a><\/p>\n","protected":false},"excerpt":{"rendered":"<p>A Biosseguran\u00e7a \u00e9 um conjunto de a\u00e7\u00f5es, regras e procedimentos voltados para a preven\u00e7\u00e3o, controle e minimiza\u00e7\u00e3o de riscos advindos da pr\u00e1tica de diferentes tecnologias, seja em laborat\u00f3rio ou no [&hellip;]<\/p>\n","protected":false},"author":27,"featured_media":0,"parent":0,"menu_order":0,"comment_status":"open","ping_status":"closed","template":"","meta":{"_exactmetrics_skip_tracking":false,"_exactmetrics_sitenote_active":false,"_exactmetrics_sitenote_note":"","_exactmetrics_sitenote_category":0,"footnotes":""},"class_list":["post-5","page","type-page","status-publish","hentry"],"_links":{"self":[{"href":"https:\/\/cloud.cnpgc.embrapa.br\/cibio\/wp-json\/wp\/v2\/pages\/5","targetHints":{"allow":["GET"]}}],"collection":[{"href":"https:\/\/cloud.cnpgc.embrapa.br\/cibio\/wp-json\/wp\/v2\/pages"}],"about":[{"href":"https:\/\/cloud.cnpgc.embrapa.br\/cibio\/wp-json\/wp\/v2\/types\/page"}],"author":[{"embeddable":true,"href":"https:\/\/cloud.cnpgc.embrapa.br\/cibio\/wp-json\/wp\/v2\/users\/27"}],"replies":[{"embeddable":true,"href":"https:\/\/cloud.cnpgc.embrapa.br\/cibio\/wp-json\/wp\/v2\/comments?post=5"}],"version-history":[{"count":34,"href":"https:\/\/cloud.cnpgc.embrapa.br\/cibio\/wp-json\/wp\/v2\/pages\/5\/revisions"}],"predecessor-version":[{"id":289,"href":"https:\/\/cloud.cnpgc.embrapa.br\/cibio\/wp-json\/wp\/v2\/pages\/5\/revisions\/289"}],"wp:attachment":[{"href":"https:\/\/cloud.cnpgc.embrapa.br\/cibio\/wp-json\/wp\/v2\/media?parent=5"}],"curies":[{"name":"wp","href":"https:\/\/api.w.org\/{rel}","templated":true}]}}