{"id":2,"date":"2014-05-02T14:28:22","date_gmt":"2014-05-02T14:28:22","guid":{"rendered":"http:\/\/cloud.cnpgc.embrapa.br\/clpi\/?page_id=2"},"modified":"2014-05-19T15:08:20","modified_gmt":"2014-05-19T19:08:20","slug":"sobre","status":"publish","type":"page","link":"https:\/\/cloud.cnpgc.embrapa.br\/clpi\/","title":{"rendered":"Sobre"},"content":{"rendered":"<p style=\"text-align: justify\">Este blog \u00e9 dedicado ao tema Propriedade Intelectual (PI) e tem como objetivo disseminar informa\u00e7\u00f5es e auxiliar aqueles que necessitam aprofundar-se no conhecimento do assunto.<\/p>\n<p style=\"text-align: justify\">Destina-se primeiramente \u00e0 equipe de profissionais da Embrapa Gado de Corte, cada vez mais envolvida com quest\u00f5es relacionadas \u00e0 PI, \u00e0 medida que os resultados de seu trabalho transformam-se em tecnologias, produtos, processos e servi\u00e7os, pass\u00edveis de diferentes formas de prote\u00e7\u00e3o. Destina-se tamb\u00e9m a todo cidad\u00e3o que por diferentes raz\u00f5es e interesses, julga encontrar nestas p\u00e1ginas material \u00fatil para sua informa\u00e7\u00e3o e experi\u00eancia profissional.<\/p>\n<p style=\"text-align: justify\">O blog re\u00fane informa\u00e7\u00f5es, formul\u00e1rios e documentos do Comit\u00ea Local de Propriedade Intelectual (CLPI) da Embrapa Gado de Corte, bem como links para as principais bases de busca de patentes, marcas e cultivares, constituindo-se uma importante ferramenta de trabalho para o comit\u00ea. Tamb\u00e9m est\u00e3o dispon\u00edveis esclarecimentos e orienta\u00e7\u00f5es b\u00e1sicas sobre PI, incluindo os principais conceitos, legisla\u00e7\u00e3o, bibliografia e procedimentos para prote\u00e7\u00e3o dos principais ativos de Propriedade Intelectual. Adicionalmente, podem ser encontrados artigos relacionados ao tema e links para acesso a p\u00e1ginas de in\u00fameras institui\u00e7\u00f5es envolvidas com esta tem\u00e1tica no Brasil e no mundo.<\/p>\n<p style=\"text-align: justify\">Enfim, convidamos voc\u00ea a utilizar e divulgar este espa\u00e7o, bem como a nos ajudar a torn\u00e1-lo cada vez mais interessante e enriquecedor.<\/p>\n<p style=\"text-align: justify\">Seja bem-vindo!<\/p>\n","protected":false},"excerpt":{"rendered":"<p>Este blog \u00e9 dedicado ao tema Propriedade Intelectual (PI) e tem como objetivo disseminar informa\u00e7\u00f5es e auxiliar aqueles que necessitam aprofundar-se no conhecimento do assunto. Destina-se primeiramente \u00e0 equipe de [&hellip;]<\/p>\n","protected":false},"author":1,"featured_media":0,"parent":0,"menu_order":0,"comment_status":"closed","ping_status":"open","template":"","meta":{"_exactmetrics_skip_tracking":false,"_exactmetrics_sitenote_active":false,"_exactmetrics_sitenote_note":"","_exactmetrics_sitenote_category":0,"footnotes":""},"class_list":["post-2","page","type-page","status-publish","hentry"],"_links":{"self":[{"href":"https:\/\/cloud.cnpgc.embrapa.br\/clpi\/wp-json\/wp\/v2\/pages\/2","targetHints":{"allow":["GET"]}}],"collection":[{"href":"https:\/\/cloud.cnpgc.embrapa.br\/clpi\/wp-json\/wp\/v2\/pages"}],"about":[{"href":"https:\/\/cloud.cnpgc.embrapa.br\/clpi\/wp-json\/wp\/v2\/types\/page"}],"author":[{"embeddable":true,"href":"https:\/\/cloud.cnpgc.embrapa.br\/clpi\/wp-json\/wp\/v2\/users\/1"}],"replies":[{"embeddable":true,"href":"https:\/\/cloud.cnpgc.embrapa.br\/clpi\/wp-json\/wp\/v2\/comments?post=2"}],"version-history":[{"count":8,"href":"https:\/\/cloud.cnpgc.embrapa.br\/clpi\/wp-json\/wp\/v2\/pages\/2\/revisions"}],"predecessor-version":[{"id":289,"href":"https:\/\/cloud.cnpgc.embrapa.br\/clpi\/wp-json\/wp\/v2\/pages\/2\/revisions\/289"}],"wp:attachment":[{"href":"https:\/\/cloud.cnpgc.embrapa.br\/clpi\/wp-json\/wp\/v2\/media?parent=2"}],"curies":[{"name":"wp","href":"https:\/\/api.w.org\/{rel}","templated":true}]}}