{"id":232,"date":"2014-05-08T14:59:39","date_gmt":"2014-05-08T18:59:39","guid":{"rendered":"http:\/\/cloud.cnpgc.embrapa.br\/clpi\/?page_id=232"},"modified":"2014-05-15T09:42:38","modified_gmt":"2014-05-15T13:42:38","slug":"eventos-2009","status":"publish","type":"page","link":"https:\/\/cloud.cnpgc.embrapa.br\/clpi\/eventos-2009\/","title":{"rendered":"2009"},"content":{"rendered":"<h2 style=\"text-align: justify;\">Cursos em M\u00f3dulo<\/h2>\n<p style=\"text-align: justify;\">Treinamento em Propriedade Intelectual \u2013 Cursos em M\u00f3dulos<\/p>\n<p style=\"text-align: justify;\"><strong>M\u00f3dulo I \u2013 7 e 8 de Outubro de 2009<\/strong><\/p>\n<p style=\"text-align: justify;\"><a href=\"http:\/\/cloud.cnpgc.embrapa.br\/clpi\/files\/2014\/05\/palestra_chang_introducao.ppt\" target=\"_blank\">Introdu\u00e7\u00e3o \u00e0 Propriedade Intelectual<\/a> (7h30 \u00e0s 12h30 )<br \/>\n<a href=\"http:\/\/cloud.cnpgc.embrapa.br\/clpi\/files\/2014\/05\/palestra_chang_marcas_patentes.ppt\" target=\"_blank\">Marcas e Patentes<\/a> ( 7h30 \u00e0s 16h30)<br \/>\n<em>Dr. Chang das Estrelas Wilches \u2013 AIT<\/em><\/p>\n<p style=\"text-align: justify;\"><strong>M\u00f3dulo II \u2013 27 a 30 de Outubro de 2009<\/strong><\/p>\n<p style=\"text-align: justify;\">Prote\u00e7\u00e3o de Cultivares (dias: 27 e 28 \u2013 7h30 \u00e0s 12h30)<br \/>\n<a href=\"http:\/\/cloud.cnpgc.embrapa.br\/clpi\/files\/2014\/05\/Elaboracao_Diretrizes-DHE_Zanatta_Embrapa.ppt\" target=\"_blank\">palestra 1<\/a> e <a href=\"http:\/\/cloud.cnpgc.embrapa.br\/clpi\/files\/2014\/05\/Conducao_Testes_DHE_Zanatta_Embrapa.ppt\" target=\"_blank\">palestra 2<\/a><br \/>\n<em>Ricardo Zannatta Machado \u2013 SNPC\/Mapa<\/em><\/p>\n<p style=\"text-align: justify;\">Patente II (dias: 29 e 30 \u2013 7h30 \u00e0s 12h30)<br \/>\n<a href=\"http:\/\/cloud.cnpgc.embrapa.br\/clpi\/files\/2014\/05\/Patenteamento_-Isabel.ppt\" target=\"_blank\">palestra 1<\/a> e <a href=\"http:\/\/cloud.cnpgc.embrapa.br\/clpi\/files\/2014\/05\/Informa\u00e7\u00e3o-tecnologica_Isabel.ppt\" target=\"_blank\">palestra 2<\/a><br \/>\n<em>Dra. Maria Isabel Penteado \u2013 AIT\/Embrapa\u00a0<\/em><\/p>\n<p style=\"text-align: justify;\"><strong>M\u00f3dulo III \u2013 18 a 20 de Novembro de 2009<\/strong><\/p>\n<p style=\"text-align: justify;\">Direitos Autorais (dia: 18 \u2013 7h30 \u00e0s 12h30)<br \/>\n<em>Paula Giovanna &#8211; AIT\/Embrapa<\/em><\/p>\n<p style=\"text-align: justify;\">Prote\u00e7\u00e3o Software (dia: 19 \u2013 7h30 \u00e0s 12h30)<br \/>\n<em>Victor Pimenta Mascena Mendes \u2013 INPI<\/em><\/p>\n<p style=\"text-align: justify;\">Gest\u00e3o e Licenciamento da Tecnologia (dia: 20 &#8211; 7h30 \u00e0s 16h30)<br \/>\n<em>Dra. Elza \u00c2ngela Battaglia Britto Cunha \u2013 Assessoria da Lideran\u00e7a do PPS<\/em><\/p>\n<p style=\"text-align: justify;\"><strong>Obs:<\/strong> A inscri\u00e7\u00e3o poder\u00e1 ser feita por tema de interesse, devendo totalizar no m\u00ednimo 20h de curso para recebimento de certificado.<\/p>\n<h2 style=\"text-align: justify;\">Semana da Propriedade Intelectual<\/h2>\n<p style=\"text-align: justify;\">I Semana de Propriedade Intelectual<\/p>\n<p style=\"text-align: justify;\"><strong>1\/09\/2009 das 12h30 \u00e0s 16h30<\/strong><br \/>\nAbertura do evento: <em>Rafael Geraldo de\u00a0Oliveira\u00a0Alves<\/em><br \/>\nChefe Geral da Embrapa Gado de Corte<\/p>\n<p style=\"text-align: justify;\">Palestra 1: Iniciativas de Propriedade Intelectual na Embrapa Gado de Corte:<br \/>\n<em>Paulo Henrique Nogueira Biscola<\/em> \u2013 Chefe Adjunto de Comunica\u00e7\u00e3o e Neg\u00f3cios da Embrapa Gado de Corte<\/p>\n<p style=\"text-align: justify;\">Palestra 2: Experiencia de Propriedade Intelectual da Fiocruz:<br \/>\n<em>Dra. Karla Bernardo Mattoso Montenegro<\/em> \u2013 Assessora de Coordena\u00e7\u00e3o Tecnol\u00f3gica.<\/p>\n<p style=\"text-align: justify;\"><strong>2\/09\/2009 das 12h \u00e0s 16h30<\/strong><\/p>\n<p style=\"text-align: justify;\">Palestra 1: Experi\u00eancia de Propriedade Intelectual na Embrapa:<br \/>\n<em>M\u00f4nica Am\u00e2ncio<\/em> \u2013 Analista da AIT<\/p>\n<p style=\"text-align: justify;\">Palestra 2: Experi\u00eancia de Propriedade Intelectual em Biotecnologia:<br \/>\n<em>Dr. Fernando Gon\u00e7alves Torres Araripe<\/em> \u2013 Prof. em Biologia Molecular da UNB<\/p>\n<p style=\"text-align: justify;\">Palestra 3 : Experi\u00eancia de Propriedade Intelectual da Bayer:<br \/>\n<em>Dr. Joseph Edward Steagall Person e Horstfried L\u00e4plle<\/em> \u2013 Diretor Jur\u00eddico da Bayer e Presidente da Bayer.<\/p>\n<p>&nbsp;<\/p>\n","protected":false},"excerpt":{"rendered":"<p>Cursos em M\u00f3dulo Treinamento em Propriedade Intelectual \u2013 Cursos em M\u00f3dulos M\u00f3dulo I \u2013 7 e 8 de Outubro de 2009 Introdu\u00e7\u00e3o \u00e0 Propriedade Intelectual (7h30 \u00e0s 12h30 ) Marcas [&hellip;]<\/p>\n","protected":false},"author":36,"featured_media":0,"parent":0,"menu_order":0,"comment_status":"closed","ping_status":"open","template":"","meta":{"_exactmetrics_skip_tracking":false,"_exactmetrics_sitenote_active":false,"_exactmetrics_sitenote_note":"","_exactmetrics_sitenote_category":0,"footnotes":""},"class_list":["post-232","page","type-page","status-publish","hentry"],"_links":{"self":[{"href":"https:\/\/cloud.cnpgc.embrapa.br\/clpi\/wp-json\/wp\/v2\/pages\/232","targetHints":{"allow":["GET"]}}],"collection":[{"href":"https:\/\/cloud.cnpgc.embrapa.br\/clpi\/wp-json\/wp\/v2\/pages"}],"about":[{"href":"https:\/\/cloud.cnpgc.embrapa.br\/clpi\/wp-json\/wp\/v2\/types\/page"}],"author":[{"embeddable":true,"href":"https:\/\/cloud.cnpgc.embrapa.br\/clpi\/wp-json\/wp\/v2\/users\/36"}],"replies":[{"embeddable":true,"href":"https:\/\/cloud.cnpgc.embrapa.br\/clpi\/wp-json\/wp\/v2\/comments?post=232"}],"version-history":[{"count":2,"href":"https:\/\/cloud.cnpgc.embrapa.br\/clpi\/wp-json\/wp\/v2\/pages\/232\/revisions"}],"predecessor-version":[{"id":254,"href":"https:\/\/cloud.cnpgc.embrapa.br\/clpi\/wp-json\/wp\/v2\/pages\/232\/revisions\/254"}],"wp:attachment":[{"href":"https:\/\/cloud.cnpgc.embrapa.br\/clpi\/wp-json\/wp\/v2\/media?parent=232"}],"curies":[{"name":"wp","href":"https:\/\/api.w.org\/{rel}","templated":true}]}}

<h2 style="text-align: justify;">Cursos em Módulo</h2>
<p style="text-align: justify;">Treinamento em Propriedade Intelectual – Cursos em Módulos</p>
<p style="text-align: justify;"><strong>Módulo I – 7 e 8 de Outubro de 2009</strong></p>
<p style="text-align: justify;"><a href="http://cloud.cnpgc.embrapa.br/clpi/files/2014/05/palestra_chang_introducao.ppt" target="_blank">Introdução à Propriedade Intelectual</a> (7h30 às 12h30 )<br />
<a href="http://cloud.cnpgc.embrapa.br/clpi/files/2014/05/palestra_chang_marcas_patentes.ppt" target="_blank">Marcas e Patentes</a> ( 7h30 às 16h30)<br />
<em>Dr. Chang das Estrelas Wilches – AIT</em></p>
<p style="text-align: justify;"><strong>Módulo II – 27 a 30 de Outubro de 2009</strong></p>
<p style="text-align: justify;">Proteção de Cultivares (dias: 27 e 28 – 7h30 às 12h30)<br />
<a href="http://cloud.cnpgc.embrapa.br/clpi/files/2014/05/Elaboracao_Diretrizes-DHE_Zanatta_Embrapa.ppt" target="_blank">palestra 1</a> e <a href="http://cloud.cnpgc.embrapa.br/clpi/files/2014/05/Conducao_Testes_DHE_Zanatta_Embrapa.ppt" target="_blank">palestra 2</a><br />
<em>Ricardo Zannatta Machado – SNPC/Mapa</em></p>
<p style="text-align: justify;">Patente II (dias: 29 e 30 – 7h30 às 12h30)<br />
<a href="http://cloud.cnpgc.embrapa.br/clpi/files/2014/05/Patenteamento_-Isabel.ppt" target="_blank">palestra 1</a> e <a href="http://cloud.cnpgc.embrapa.br/clpi/files/2014/05/Informação-tecnologica_Isabel.ppt" target="_blank">palestra 2</a><br />
<em>Dra. Maria Isabel Penteado – AIT/Embrapa </em></p>
<p style="text-align: justify;"><strong>Módulo III – 18 a 20 de Novembro de 2009</strong></p>
<p style="text-align: justify;">Direitos Autorais (dia: 18 – 7h30 às 12h30)<br />
<em>Paula Giovanna &#8211; AIT/Embrapa</em></p>
<p style="text-align: justify;">Proteção Software (dia: 19 – 7h30 às 12h30)<br />
<em>Victor Pimenta Mascena Mendes – INPI</em></p>
<p style="text-align: justify;">Gestão e Licenciamento da Tecnologia (dia: 20 &#8211; 7h30 às 16h30)<br />
<em>Dra. Elza Ângela Battaglia Britto Cunha – Assessoria da Liderança do PPS</em></p>
<p style="text-align: justify;"><strong>Obs:</strong> A inscrição poderá ser feita por tema de interesse, devendo totalizar no mínimo 20h de curso para recebimento de certificado.</p>
<h2 style="text-align: justify;">Semana da Propriedade Intelectual</h2>
<p style="text-align: justify;">I Semana de Propriedade Intelectual</p>
<p style="text-align: justify;"><strong>1/09/2009 das 12h30 às 16h30</strong><br />
Abertura do evento: <em>Rafael Geraldo de Oliveira Alves</em><br />
Chefe Geral da Embrapa Gado de Corte</p>
<p style="text-align: justify;">Palestra 1: Iniciativas de Propriedade Intelectual na Embrapa Gado de Corte:<br />
<em>Paulo Henrique Nogueira Biscola</em> – Chefe Adjunto de Comunicação e Negócios da Embrapa Gado de Corte</p>
<p style="text-align: justify;">Palestra 2: Experiencia de Propriedade Intelectual da Fiocruz:<br />
<em>Dra. Karla Bernardo Mattoso Montenegro</em> – Assessora de Coordenação Tecnológica.</p>
<p style="text-align: justify;"><strong>2/09/2009 das 12h às 16h30</strong></p>
<p style="text-align: justify;">Palestra 1: Experiência de Propriedade Intelectual na Embrapa:<br />
<em>Mônica Amâncio</em> – Analista da AIT</p>
<p style="text-align: justify;">Palestra 2: Experiência de Propriedade Intelectual em Biotecnologia:<br />
<em>Dr. Fernando Gonçalves Torres Araripe</em> – Prof. em Biologia Molecular da UNB</p>
<p style="text-align: justify;">Palestra 3 : Experiência de Propriedade Intelectual da Bayer:<br />
<em>Dr. Joseph Edward Steagall Person e Horstfried Läplle</em> – Diretor Jurídico da Bayer e Presidente da Bayer.</p>
<p>&nbsp;</p>

<p>Cursos em Módulo Treinamento em Propriedade Intelectual – Cursos em Módulos Módulo I – 7 e 8 de Outubro de 2009 Introdução à Propriedade Intelectual (7h30 às 12h30 ) Marcas [&hellip;]</p>
