{"id":658,"date":"2022-05-06T09:29:37","date_gmt":"2022-05-06T12:29:37","guid":{"rendered":"http:\/\/cloud.cnpgc.embrapa.br\/controle-do-carrapato-ms\/?page_id=658"},"modified":"2025-03-20T08:59:44","modified_gmt":"2025-03-20T11:59:44","slug":"apresentacao","status":"publish","type":"page","link":"https:\/\/cloud.cnpgc.embrapa.br\/controle-do-carrapato-ms\/","title":{"rendered":"Apresenta\u00e7\u00e3o"},"content":{"rendered":"\n<div class=\"alignnormal\"><div id=\"metaslider-id-760\" style=\"width: 100%;\" class=\"ml-slider-3-106-0 metaslider metaslider-flex metaslider-760 ml-slider has-dots-nav ms-theme-default\" role=\"region\" aria-label=\"New Slideshow\" data-height=\"720\" data-width=\"1280\">\n    <div id=\"metaslider_container_760\">\n        <div id=\"metaslider_760\">\n            <ul class='slides'>\n                <li style=\"display: block; width: 100%;\" class=\"slide-761 ms-image \" aria-roledescription=\"slide\" data-date=\"2022-05-11 11:37:02\" data-filename=\"area1-scaled-1280x720.jpg\" data-slide-type=\"image\"><img fetchpriority=\"high\" decoding=\"async\" src=\"https:\/\/cloud.cnpgc.embrapa.br\/controle-do-carrapato-ms\/files\/2022\/05\/area1-scaled-1280x720.jpg\" height=\"720\" width=\"1280\" alt=\"\" class=\"slider-760 slide-761 msDefaultImage\" title=\"area1\" \/><\/li>\n                <li style=\"display: none; width: 100%;\" class=\"slide-763 ms-image \" aria-roledescription=\"slide\" data-date=\"2022-05-11 11:37:02\" data-filename=\"20180313_064110-scaled-1280x720.jpg\" data-slide-type=\"image\"><img decoding=\"async\" src=\"https:\/\/cloud.cnpgc.embrapa.br\/controle-do-carrapato-ms\/files\/2022\/05\/20180313_064110-scaled-1280x720.jpg\" height=\"720\" width=\"1280\" alt=\"\" class=\"slider-760 slide-763 msDefaultImage\" title=\"20180313_064110\" \/><\/li>\n                <li style=\"display: none; width: 100%;\" class=\"slide-775 ms-image \" aria-roledescription=\"slide\" data-date=\"2022-05-11 12:48:14\" data-filename=\"DSC00115-1-scaled-1280x720.jpg\" data-slide-type=\"image\"><img decoding=\"async\" src=\"https:\/\/cloud.cnpgc.embrapa.br\/controle-do-carrapato-ms\/files\/2022\/05\/DSC00115-1-scaled-1280x720.jpg\" height=\"720\" width=\"1280\" alt=\"\" class=\"slider-760 slide-775 msDefaultImage\" title=\"DSC00115\" \/><\/li>\n                <li style=\"display: none; width: 100%;\" class=\"slide-776 ms-image \" aria-roledescription=\"slide\" data-date=\"2022-05-11 12:48:14\" data-filename=\"DJI_0040-1-scaled-1280x720.jpg\" data-slide-type=\"image\"><img loading=\"lazy\" decoding=\"async\" src=\"https:\/\/cloud.cnpgc.embrapa.br\/controle-do-carrapato-ms\/files\/2022\/05\/DJI_0040-1-scaled-1280x720.jpg\" height=\"720\" width=\"1280\" alt=\"\" class=\"slider-760 slide-776 msDefaultImage\" title=\"DJI_0040\" \/><\/li>\n                <li style=\"display: none; width: 100%;\" class=\"slide-778 ms-image \" aria-roledescription=\"slide\" data-date=\"2022-05-11 12:48:14\" data-filename=\"Infestacao-1280x720.jpg\" data-slide-type=\"image\"><img loading=\"lazy\" decoding=\"async\" src=\"https:\/\/cloud.cnpgc.embrapa.br\/controle-do-carrapato-ms\/files\/2022\/05\/Infestacao-1280x720.jpg\" height=\"720\" width=\"1280\" alt=\"\" class=\"slider-760 slide-778 msDefaultImage\" title=\"Infesta\u00e7\u00e3o\" \/><\/li>\n                <li style=\"display: none; width: 100%;\" class=\"slide-779 ms-image \" aria-roledescription=\"slide\" data-date=\"2022-05-11 12:48:14\" data-filename=\"IMG-20211008-WA0021.jpg\" data-slide-type=\"image\"><img loading=\"lazy\" decoding=\"async\" src=\"https:\/\/cloud.cnpgc.embrapa.br\/controle-do-carrapato-ms\/files\/2022\/05\/IMG-20211008-WA0021.jpg\" height=\"720\" width=\"1280\" alt=\"\" class=\"slider-760 slide-779 msDefaultImage\" title=\"IMG-20211008-WA0021\" \/><\/li>\n                <li style=\"display: none; width: 100%;\" class=\"slide-781 ms-image \" aria-roledescription=\"slide\" data-date=\"2022-05-11 12:48:14\" data-filename=\"Fig-D.-nitens-ovipondo-scaled-1280x720.jpg\" data-slide-type=\"image\"><img loading=\"lazy\" decoding=\"async\" src=\"https:\/\/cloud.cnpgc.embrapa.br\/controle-do-carrapato-ms\/files\/2022\/05\/Fig-D.-nitens-ovipondo-scaled-1280x720.jpg\" height=\"720\" width=\"1280\" alt=\"\" class=\"slider-760 slide-781 msDefaultImage\" title=\"Fig D. nitens ovipondo\" \/><\/li>\n                <li style=\"display: none; width: 100%;\" class=\"slide-782 ms-image \" aria-roledescription=\"slide\" data-date=\"2022-05-11 12:48:14\" data-filename=\"Fig-D.-nitens-larva-scaled-1280x720.jpg\" data-slide-type=\"image\"><img loading=\"lazy\" decoding=\"async\" src=\"https:\/\/cloud.cnpgc.embrapa.br\/controle-do-carrapato-ms\/files\/2022\/05\/Fig-D.-nitens-larva-scaled-1280x720.jpg\" height=\"720\" width=\"1280\" alt=\"\" class=\"slider-760 slide-782 msDefaultImage\" title=\"Fig D. nitens - larva\" \/><\/li>\n                <li style=\"display: none; width: 100%;\" class=\"slide-783 ms-image \" aria-roledescription=\"slide\" data-date=\"2022-05-11 12:48:14\" data-filename=\"DSC00115-scaled-1280x720.jpg\" data-slide-type=\"image\"><img loading=\"lazy\" decoding=\"async\" src=\"https:\/\/cloud.cnpgc.embrapa.br\/controle-do-carrapato-ms\/files\/2022\/05\/DSC00115-scaled-1280x720.jpg\" height=\"720\" width=\"1280\" alt=\"\" class=\"slider-760 slide-783 msDefaultImage\" title=\"DSC00115\" \/><\/li>\n                <li style=\"display: none; width: 100%;\" class=\"slide-787 ms-image \" aria-roledescription=\"slide\" data-date=\"2022-05-11 12:56:09\" data-filename=\"DSC06015-1280x720.jpg\" data-slide-type=\"image\"><img loading=\"lazy\" decoding=\"async\" src=\"https:\/\/cloud.cnpgc.embrapa.br\/controle-do-carrapato-ms\/files\/2022\/05\/DSC06015-1280x720.jpg\" height=\"720\" width=\"1280\" alt=\"\" class=\"slider-760 slide-787 msDefaultImage\" title=\"DSC06015\" \/><\/li>\n            <\/ul>\n        <\/div>\n        \n    <\/div>\n<\/div><\/div>\n\n\n<div class=\"wp-block-image\">\n<figure class=\"aligncenter size-large\"><a href=\"https:\/\/cloud.cnpgc.embrapa.br\/controle-do-carrapato-ms\/files\/2011\/12\/museucarrapato.jpg\"><img loading=\"lazy\" decoding=\"async\" width=\"365\" height=\"380\" src=\"https:\/\/cloud.cnpgc.embrapa.br\/controle-do-carrapato-ms\/files\/2011\/12\/museucarrapato.jpg\" alt=\"\" class=\"wp-image-60\" srcset=\"https:\/\/cloud.cnpgc.embrapa.br\/controle-do-carrapato-ms\/files\/2011\/12\/museucarrapato.jpg 365w, https:\/\/cloud.cnpgc.embrapa.br\/controle-do-carrapato-ms\/files\/2011\/12\/museucarrapato-288x300.jpg 288w\" sizes=\"(max-width: 365px) 100vw, 365px\" \/><\/a><\/figure>\n<\/div>\n\n<div class=\"wp-block-image\">\n<figure class=\"aligncenter size-large is-resized\"><a href=\"https:\/\/cloud.cnpgc.embrapa.br\/controle-do-carrapato-ms\/files\/2025\/03\/Carrapatos-Bioma-Cerrado.pdf\"><img loading=\"lazy\" decoding=\"async\" src=\"https:\/\/cloud.cnpgc.embrapa.br\/controle-do-carrapato-ms\/files\/2025\/03\/Sem-nome-Etiqueta-de-correspondencia-4-\u00d7-133-1024x340.jpg\" alt=\"\" class=\"wp-image-918\" style=\"width:467px;height:155px\" width=\"467\" height=\"155\" srcset=\"https:\/\/cloud.cnpgc.embrapa.br\/controle-do-carrapato-ms\/files\/2025\/03\/Sem-nome-Etiqueta-de-correspondencia-4-\u00d7-133-1024x340.jpg 1024w, https:\/\/cloud.cnpgc.embrapa.br\/controle-do-carrapato-ms\/files\/2025\/03\/Sem-nome-Etiqueta-de-correspondencia-4-\u00d7-133-300x100.jpg 300w, https:\/\/cloud.cnpgc.embrapa.br\/controle-do-carrapato-ms\/files\/2025\/03\/Sem-nome-Etiqueta-de-correspondencia-4-\u00d7-133-768x255.jpg 768w, https:\/\/cloud.cnpgc.embrapa.br\/controle-do-carrapato-ms\/files\/2025\/03\/Sem-nome-Etiqueta-de-correspondencia-4-\u00d7-133-600x200.jpg 600w, https:\/\/cloud.cnpgc.embrapa.br\/controle-do-carrapato-ms\/files\/2025\/03\/Sem-nome-Etiqueta-de-correspondencia-4-\u00d7-133.jpg 1200w\" sizes=\"(max-width: 467px) 100vw, 467px\" \/><\/a><\/figure>\n<\/div>\n\n\n<p><\/p>\n\n\n\n<p><\/p>\n\n\n\n<p>A proposta da organiza\u00e7\u00e3o de informa\u00e7\u00f5es sobre esp\u00e9cies de carrapatos na Embrapa Gado de Corte nasce da necessidade de oferecer um ponto de apoio regional sobre o assunto permitindo o acesso da sociedade de forma r\u00e1pida a esses dados por um lado e da manuten\u00e7\u00e3o de indiv\u00edduos caracterizados e mantidos em uma cole\u00e7\u00e3o de refer\u00eancia servindo de apoio a comunidade cient\u00edfica.<\/p>\n\n\n\n<p>A diversidade de esp\u00e9cies de carrapato em uma determinada regi\u00e3o \u00e9 importante na sa\u00fade animal considerando o vi\u00e9s econ\u00f4mico e o seu impacto na cadeia produtiva por meio de sua a\u00e7\u00e3o dire\u00e7\u00e3o como tamb\u00e9m por meio da transmiss\u00e3o de pat\u00f3genos e desenvolvimento de doen\u00e7as. Por outro lado a sa\u00fade p\u00fablica tamb\u00e9m \u00e9 afetada por esses agentes e seus pat\u00f3genos.<\/p>\n\n\n\n<p>Podemos considerar que j\u00e1 foram classificadas mais de 950 esp\u00e9cies de carrapatos onde todos s\u00e3o sugadores de sangue de diversas esp\u00e9cies de hospedeiro, desde mam\u00edferos at\u00e9 anf\u00edbios, em diversas regi\u00f5es do planeta como sub\u00e1rtico at\u00e9 o equador, em diversos ambientes como desertos e matas equatoriais.<\/p>\n\n\n\n<p>Eles transmitem uma grande variedade de pat\u00f3genos (v\u00edrus, bact\u00e9rias, parasitos), como por exemplo, eles infestam mais de 80% dos bovinos do mundo. Esses efeitos s\u00e3o muito importantes nas regi\u00f5es tropicais e subtropicais do mundo. Carrapatos e os pat\u00f3genos transmitidos por eles podem estabelecer-se em novos nichos e sofrer altera\u00e7\u00f5es gen\u00e9ticas consider\u00e1veis em suas popula\u00e7\u00f5es<\/p>\n\n\n\n<p>As rela\u00e7\u00f5es econ\u00f4micas, sociais e ambientais fazem com que o mundo sofra transforma\u00e7\u00f5es mais r\u00e1pidas e as respostas para esses novos desafios precisam ser consideradas a partir de informa\u00e7\u00f5es de refer\u00eancia. Neste cen\u00e1rio o conhecimento das esp\u00e9cies aut\u00f3ctones e a introdu\u00e7\u00e3o de novas esp\u00e9cies promove a necessidade de estudos avaliando novos impactos como tamb\u00e9m para o desenvolvimento de novas estrat\u00e9gias de manejo desta realidade.<\/p>\n\n\n\n<p>O com\u00e9rcio global de animais vem aumentando o risco de introdu\u00e7\u00e3o ou reintrodu\u00e7\u00e3o de doen\u00e7as zoon\u00f3ticas emergentes e infesta\u00e7\u00f5es em diversas regi\u00f5es<\/p>\n\n\n\n<p>A identifica\u00e7\u00e3o de uma esp\u00e9cie em uma determinada regi\u00e3o \u00e9 importante pela disponibiliza\u00e7\u00e3o pura e simples desta informa\u00e7\u00e3o como tamb\u00e9m contribui para o conhecimento da taxonomia, ecologia e epidemiologia dessas popula\u00e7\u00f5es oferecendo subs\u00eddios nas pol\u00edticas p\u00fablicas para o seu controle tanto do ponto de vista econ\u00f4mico como em sa\u00fade p\u00fablica.<\/p>\n\n\n\n<p>Este museu vai funcionar de forma cont\u00ednua com acesso via internet das informa\u00e7\u00f5es consolidadas pela cole\u00e7\u00e3o depositada no laborat\u00f3rio de controle de carrapatos que vai ser realizada a partir de coletas de campo e recebimento de material de outros pesquisadores a t\u00edtulo de doa\u00e7\u00e3o para identifica\u00e7\u00e3o. As identifica\u00e7\u00f5es ser\u00e3o realizadas por meio da chave e por informa\u00e7\u00f5es gen\u00e9ticas desses indiv\u00edduos analisados.<\/p>\n\n\n\n<p>Vai fornecer informa\u00e7\u00f5es sobre a taxonomia, biologia e import\u00e2ncia dos carrapatos encontrados e disponibilizados para os estudos e inclus\u00e3o na cole\u00e7\u00e3o de referencia. A Embrapa Gado de Corte possui uma interface cient\u00edfica com v\u00e1rios grupos de pesquisa no mundo facilitando a constru\u00e7\u00e3o dessas informa\u00e7\u00f5es de refer\u00eancia.<\/p>\n\n\n\n<p>\u00c9 dif\u00edcil prever a dire\u00e7\u00e3o dessas transforma\u00e7\u00f5es associadas a uma nova ordem mundial e determinar precisamente as inter-rela\u00e7\u00f5es e implica\u00e7\u00f5es dessas altera\u00e7\u00f5es na emerg\u00eancia e controle das infesta\u00e7\u00f5es de esp\u00e9cies de carrapatos e pela consequente transmiss\u00e3o de doen\u00e7as, por\u00e9m estaremos mais preparados se conhecermos melhor a nossa realidade e tivermos acesso a informa\u00e7\u00f5es de refer\u00eancia de forma \u00e1gil e sistematizada como a Embrapa Gado de Corte come\u00e7a a construir e disponibilizar para a sociedade.<\/p>\n\n\n\n<p><strong>Renato Andreotti<\/strong><br \/>Doutor em Biologia Molecular<br \/>Pesquisador A \u2013 Embrapa Gado de Corte<br \/>E-mail: <a href=\"mailto:cnpgc.carrapatos@embrapa.br\">cnpgc.carrapatos@embrapa.br<\/a><\/p>\n\n\n\n<p><\/p>\n\n\n\n<figure class=\"wp-block-table aligncenter is-style-regular has-medium-font-size\"><table class=\"has-black-color has-text-color\"><tbody><tr><td class=\"has-text-align-center\" data-align=\"center\"><a href=\"https:\/\/www.embrapa.br\/busca-de-publicacoes\/-\/publicacao\/1113230\/fazendo-o-certo-prevenindo-a-febre-maculosa-brasileira\"><img loading=\"lazy\" decoding=\"async\" width=\"150\" height=\"203\" class=\"wp-image-827\" style=\"width: 150px;\" src=\"https:\/\/cloud.cnpgc.embrapa.br\/controle-do-carrapato-ms\/files\/2023\/05\/FAZENDOCERTO.png\" alt=\"\"\/><\/a><\/td><td class=\"has-text-align-center\" data-align=\"center\"><\/td><td class=\"has-text-align-center\" data-align=\"center\"><a href=\"https:\/\/cloud.cnpgc.embrapa.br\/controle-do-carrapato-ms\/files\/2019\/02\/Controle-Carrapatos-2019-COMPLETO-EBOOK.pdf\"><\/a><a href=\"https:\/\/cloud.cnpgc.embrapa.br\/controle-do-carrapato-ms\/files\/2024\/03\/GIBI-CARRAPATO-FINAL-sem-marcas-de-corte.pdf\"><img loading=\"lazy\" decoding=\"async\" width=\"150\" height=\"210\" class=\"wp-image-886\" style=\"width: 150px;\" src=\"https:\/\/cloud.cnpgc.embrapa.br\/controle-do-carrapato-ms\/files\/2024\/03\/capagibi.png\" alt=\"\" srcset=\"https:\/\/cloud.cnpgc.embrapa.br\/controle-do-carrapato-ms\/files\/2024\/03\/capagibi.png 322w, https:\/\/cloud.cnpgc.embrapa.br\/controle-do-carrapato-ms\/files\/2024\/03\/capagibi-214x300.png 214w\" sizes=\"(max-width: 150px) 100vw, 150px\" \/><\/a><\/td><td><a href=\"https:\/\/cloud.cnpgc.embrapa.br\/controle-do-carrapato-ms\/files\/2025\/02\/Cartaz-Controle-do-Carrapatopdf.pdf\"><img loading=\"lazy\" decoding=\"async\" width=\"150\" height=\"205\" class=\"wp-image-898\" style=\"width: 150px;\" src=\"https:\/\/cloud.cnpgc.embrapa.br\/controle-do-carrapato-ms\/files\/2025\/02\/10-PASSOS-PARA-CONTROLE-DO-CARRAPATO.png\" alt=\"\" srcset=\"https:\/\/cloud.cnpgc.embrapa.br\/controle-do-carrapato-ms\/files\/2025\/02\/10-PASSOS-PARA-CONTROLE-DO-CARRAPATO.png 1056w, https:\/\/cloud.cnpgc.embrapa.br\/controle-do-carrapato-ms\/files\/2025\/02\/10-PASSOS-PARA-CONTROLE-DO-CARRAPATO-220x300.png 220w, https:\/\/cloud.cnpgc.embrapa.br\/controle-do-carrapato-ms\/files\/2025\/02\/10-PASSOS-PARA-CONTROLE-DO-CARRAPATO-749x1024.png 749w, https:\/\/cloud.cnpgc.embrapa.br\/controle-do-carrapato-ms\/files\/2025\/02\/10-PASSOS-PARA-CONTROLE-DO-CARRAPATO-768x1049.png 768w, https:\/\/cloud.cnpgc.embrapa.br\/controle-do-carrapato-ms\/files\/2025\/02\/10-PASSOS-PARA-CONTROLE-DO-CARRAPATO-600x820.png 600w\" sizes=\"(max-width: 150px) 100vw, 150px\" \/><\/a><\/td><td><a href=\"https:\/\/cloud.cnpgc.embrapa.br\/controle-do-carrapato-ms\/files\/2019\/02\/Controle-Carrapatos-2019-COMPLETO-EBOOK.pdf\"><img loading=\"lazy\" decoding=\"async\" width=\"150\" height=\"215\" class=\"wp-image-825\" style=\"width: 150px;\" src=\"https:\/\/cloud.cnpgc.embrapa.br\/controle-do-carrapato-ms\/files\/2023\/05\/CAPA.png\" alt=\"\" srcset=\"https:\/\/cloud.cnpgc.embrapa.br\/controle-do-carrapato-ms\/files\/2023\/05\/CAPA.png 439w, https:\/\/cloud.cnpgc.embrapa.br\/controle-do-carrapato-ms\/files\/2023\/05\/CAPA-209x300.png 209w\" sizes=\"(max-width: 150px) 100vw, 150px\" \/><\/a><\/td><td><a href=\"http:\/\/cloud.cnpgc.embrapa.br\/controle-do-carrapato-ms\/files\/2015\/05\/Cartaz-Carrapatos-MS-2015final22052015.pdf\"><img loading=\"lazy\" decoding=\"async\" width=\"150\" height=\"203\" class=\"wp-image-839\" style=\"width: 150px;\" src=\"https:\/\/cloud.cnpgc.embrapa.br\/controle-do-carrapato-ms\/files\/2023\/05\/tela5.png\" alt=\"\" srcset=\"https:\/\/cloud.cnpgc.embrapa.br\/controle-do-carrapato-ms\/files\/2023\/05\/tela5.png 478w, https:\/\/cloud.cnpgc.embrapa.br\/controle-do-carrapato-ms\/files\/2023\/05\/tela5-221x300.png 221w\" sizes=\"(max-width: 150px) 100vw, 150px\" \/><\/a><\/td><\/tr><\/tbody><\/table><\/figure>\n\n\n\n<p><\/p>\n\n\n\n<p><\/p>\n\n\n\n<p><\/p>\n\n\n\n<p class=\"has-text-align-center\"><strong>Realiza\u00e7\u00e3o<\/strong><\/p>\n\n\n<div class=\"wp-block-image\">\n<figure class=\"aligncenter\"><a href=\"https:\/\/cloud.cnpgc.embrapa.br\/controle-do-carrapato-ms\/files\/2011\/11\/logos.jpg?customize_changeset_uuid=e6c15080-bc05-4cf4-9e13-b04264836e1f&amp;customize_autosaved=on&amp;customize_messenger_channel=preview-3\"><img loading=\"lazy\" decoding=\"async\" width=\"300\" height=\"44\" src=\"https:\/\/cloud.cnpgc.embrapa.br\/controle-do-carrapato-ms\/files\/2011\/11\/logos-300x44.jpg\" alt=\"\" class=\"wp-image-183\" title=\"logos\" srcset=\"https:\/\/cloud.cnpgc.embrapa.br\/controle-do-carrapato-ms\/files\/2011\/11\/logos-300x44.jpg 300w, https:\/\/cloud.cnpgc.embrapa.br\/controle-do-carrapato-ms\/files\/2011\/11\/logos.jpg 400w\" sizes=\"(max-width: 300px) 100vw, 300px\" \/><\/a><\/figure>\n<\/div>\n\n\n<p><\/p>\n\n\n<div class=\"wp-block-image\">\n<figure class=\"aligncenter size-full\"><a href=\"https:\/\/cloud.cnpgc.embrapa.br\/controle-do-carrapato-ms\/files\/2023\/05\/qr-codesite-e1684858248513.png\"><img loading=\"lazy\" decoding=\"async\" width=\"100\" height=\"100\" src=\"https:\/\/cloud.cnpgc.embrapa.br\/controle-do-carrapato-ms\/files\/2023\/05\/qr-codesite-e1684858248513.png\" alt=\"\" class=\"wp-image-843\"\/><\/a><\/figure>\n<\/div>","protected":false},"excerpt":{"rendered":"<p>A proposta da organiza\u00e7\u00e3o de informa\u00e7\u00f5es sobre esp\u00e9cies de carrapatos na Embrapa Gado de Corte nasce da necessidade de oferecer um ponto de apoio regional sobre o assunto permitindo o acesso da sociedade de forma r\u00e1pida a esses dados por um lado e da manuten\u00e7\u00e3o de indiv\u00edduos caracterizados e mantidos em uma cole\u00e7\u00e3o de refer\u00eancia<a class=\"moretag\" href=\"https:\/\/cloud.cnpgc.embrapa.br\/controle-do-carrapato-ms\/\"><span class=\"screen-reader-text\">Read more about Apresenta\u00e7\u00e3o<\/span>[&#8230;]<\/a><\/p>\n","protected":false},"author":3,"featured_media":0,"parent":0,"menu_order":0,"comment_status":"closed","ping_status":"closed","template":"","meta":{"_exactmetrics_skip_tracking":false,"_exactmetrics_sitenote_active":false,"_exactmetrics_sitenote_note":"","_exactmetrics_sitenote_category":0,"footnotes":""},"class_list":["post-658","page","type-page","status-publish","hentry"],"_links":{"self":[{"href":"https:\/\/cloud.cnpgc.embrapa.br\/controle-do-carrapato-ms\/wp-json\/wp\/v2\/pages\/658","targetHints":{"allow":["GET"]}}],"collection":[{"href":"https:\/\/cloud.cnpgc.embrapa.br\/controle-do-carrapato-ms\/wp-json\/wp\/v2\/pages"}],"about":[{"href":"https:\/\/cloud.cnpgc.embrapa.br\/controle-do-carrapato-ms\/wp-json\/wp\/v2\/types\/page"}],"author":[{"embeddable":true,"href":"https:\/\/cloud.cnpgc.embrapa.br\/controle-do-carrapato-ms\/wp-json\/wp\/v2\/users\/3"}],"replies":[{"embeddable":true,"href":"https:\/\/cloud.cnpgc.embrapa.br\/controle-do-carrapato-ms\/wp-json\/wp\/v2\/comments?post=658"}],"version-history":[{"count":36,"href":"https:\/\/cloud.cnpgc.embrapa.br\/controle-do-carrapato-ms\/wp-json\/wp\/v2\/pages\/658\/revisions"}],"predecessor-version":[{"id":924,"href":"https:\/\/cloud.cnpgc.embrapa.br\/controle-do-carrapato-ms\/wp-json\/wp\/v2\/pages\/658\/revisions\/924"}],"wp:attachment":[{"href":"https:\/\/cloud.cnpgc.embrapa.br\/controle-do-carrapato-ms\/wp-json\/wp\/v2\/media?parent=658"}],"curies":[{"name":"wp","href":"https:\/\/api.w.org\/{rel}","templated":true}]}}