{"id":715,"date":"2022-05-06T09:36:26","date_gmt":"2022-05-06T12:36:26","guid":{"rendered":"http:\/\/cloud.cnpgc.embrapa.br\/controle-do-carrapato-ms\/?page_id=715"},"modified":"2022-05-06T09:36:27","modified_gmt":"2022-05-06T12:36:27","slug":"controle-do-carrapato","status":"publish","type":"page","link":"https:\/\/cloud.cnpgc.embrapa.br\/controle-do-carrapato-ms\/controle-do-carrapato\/","title":{"rendered":"Controle do carrapato"},"content":{"rendered":"\n<p><strong>CARRAPATO DOS BOVINOS<\/strong><br>Renato Andreotti \u2013 Pesquisador Embrapa Gado de Corte<\/p>\n\n\n\n<p>O carrapato-do-boi&nbsp;<em>Rhipicephalus (Boophilus) microplus<\/em>&nbsp;\u00e9 um dos principais problemas do produtor, considerando que o Brasil \u00e9 um pa\u00eds tropical e favorece a sua ocorr\u00eancia durante o ano todo.<\/p>\n\n\n\n<p>Os preju\u00edzos econ\u00f4micos causados por este parasita ocorre em diferentes graus dependendo do n\u00edvel da sua infesta\u00e7\u00e3o associado a fatores fisiol\u00f3gicos dos bovinos. Assim, os preju\u00edzos determinados pelo parasitismo do carrapato&nbsp; \u00e0 pecu\u00e1ria bovina se enquadram nos danos decorrentes da a\u00e7\u00e3o direta, caracterizados por espolia\u00e7\u00e3o sang\u00fc\u00ednea e suas conseq\u00fc\u00eancias, como anemia, prurido, irrita\u00e7\u00e3o, quedas no peso e na produ\u00e7\u00e3o dos animais, predisposi\u00e7\u00e3o \u00e0 instala\u00e7\u00e3o de mi\u00edases e desvaloriza\u00e7\u00e3o dos couros, inclusive levando a morte de animais.&nbsp; De forma indireta, constitu\u00eddos, essencialmente, pela transmiss\u00e3o de agentes causadores de doen\u00e7as, como a tristeza parasit\u00e1ria bovina e pelos&nbsp; gastos com a aquisi\u00e7\u00e3o de medicamentos e de m\u00e3o-de-obra especializada para o tratamento dos animais, al\u00e9m das perdas com os bovinos que v\u00e3o a \u00f3bito, quando n\u00e3o adequadamente tratados.<\/p>\n\n\n\n<p>Os produtores, na sua maioria, combatem este parasita apenas aplicando produtos carrapaticidas nos carrapatos sobre os animais. Normalmente, a preocupa\u00e7\u00e3o com o controle aparece quando o tratador dos animais observa uma grande popula\u00e7\u00e3o de carrapatos sobre os animais, neste momento os animais j\u00e1 est\u00e3o sofrendo todos os efeitos de uma alta infesta\u00e7\u00e3o parasit\u00e1ria e apresentando um baixo rendimento e, por outro lado, as pastagens tamb\u00e9m j\u00e1 possuem uma carga alta de carrapatos. Os carrapatos s\u00e3o tratados de acordo com os crit\u00e9rios e as conveni\u00eancias do produtor.<\/p>\n\n\n\n<p>Esta a\u00e7\u00e3o, muitas vezes realizada de forma incorreta, tem acarretado em contamina\u00e7\u00e3o ambiental, dos produtos de origem animal (leite e carne) e intoxica\u00e7\u00e3o da pessoa que aplica o carrapaticida. O controle do carrapato n\u00e3o acontece e ainda ocorre a dissemina\u00e7\u00e3o da resist\u00eancia das popula\u00e7\u00f5es de carrapatos aos carrapaticidas e aumento crescente dos preju\u00edzos econ\u00f4micos.<br>Informa\u00e7\u00f5es sobre o ciclo de vida do carrapato, suas rela\u00e7\u00f5es com as varia\u00e7\u00f5es de temperatura e umidade, manejo das pastagens s\u00e3o essenciais para escolha do produto adequado a ser utilizado no controle dos carrapatos e melhor \u00e9poca para aplica-los, da maneira mais correta e o menor n\u00famero de vezes poss\u00edvel, ou seja, um controle estrat\u00e9gico.<\/p>\n\n\n\n<p>A resist\u00eancia dos carrapatos em rela\u00e7\u00e3o aos carrapaticidas dispon\u00edveis no mercado constitui-se em motivo de permanente preocupa\u00e7\u00e3o a todos aqueles setores (produtores, ind\u00fastria, organismos oficiais, t\u00e9cnicos) envolvidos com o controle desses parasitos dos bovinos, uma vez que, instalada a resist\u00eancia a um determinado produto ela tamb\u00e9m ocorrer\u00e1 para produtos da mesma fam\u00edlia ou grupo qu\u00edmico.<\/p>\n\n\n\n<p>A necessidade de prolongar a vida dos carrapaticidas dispon\u00edveis no mercado e a detec\u00e7\u00e3o de genes resistentes em uma popula\u00e7\u00e3o para erradic\u00e1-los tendo como conseq\u00fc\u00eancia a racionaliza\u00e7\u00e3o do uso de produtos qu\u00edmicos acaricidas, fez a Embrapa Gado de Corte em parceria com a Agraer elaborarem o projeto \u201c<strong>Monitoramento da resist\u00eancia do carrapato&nbsp;<em>Rhipicephalus (Boophilus) microplus<\/em>&nbsp;a carrapaticidas em bovinos nas bacias leiteiras de Mato Grosso do Sul\u201d<\/strong>.<\/p>\n\n\n\n<p>Ser\u00e3o realizados exames laboratoriais para determina\u00e7\u00e3o da efici\u00eancia dos produtos carrapaticidas (Biocarrapaticidograma) e&nbsp; disponibilizadas orienta\u00e7\u00f5es t\u00e9cnicas visando conscientizar os produtores para o uso correto de carrapaticidas em bovinos leiteiros, com \u00eanfase na presen\u00e7a de res\u00edduos de carrapaticidas nos produtos de origem animal em fun\u00e7\u00e3o da sua gravidade para a sa\u00fade humana.<\/p>\n\n\n\n<p>A dissemina\u00e7\u00e3o da informa\u00e7\u00e3o sobre a situa\u00e7\u00e3o da resist\u00eancia, envolvendo interc\u00e2mbio entre laborat\u00f3rio e campo, produtores, t\u00e9cnicos e pesquisadores, \u00e9 fundamental para que os resultados e as recomenda\u00e7\u00f5es possam atingir efetivamente o seu alvo. Manter o produtor informado bem como os t\u00e9cnicos que desenvolvem atividades diretamente no campo,&nbsp; deve ser uma tarefa permanente de todos aqueles setores interessados no controle adequado dos carrapatos dos bovinos.<\/p>\n\n\n\n<figure class=\"wp-block-table\"><table><tbody><tr><td><\/td><\/tr><\/tbody><\/table><\/figure>\n","protected":false},"excerpt":{"rendered":"<p>CARRAPATO DOS BOVINOSRenato Andreotti \u2013 Pesquisador Embrapa Gado de Corte O carrapato-do-boi&nbsp;Rhipicephalus (Boophilus) microplus&nbsp;\u00e9 um dos principais problemas do produtor, considerando que o Brasil \u00e9 um pa\u00eds tropical e favorece a sua ocorr\u00eancia durante o ano todo. Os preju\u00edzos econ\u00f4micos causados por este parasita ocorre em diferentes graus dependendo do n\u00edvel da sua infesta\u00e7\u00e3o associado<a class=\"moretag\" href=\"https:\/\/cloud.cnpgc.embrapa.br\/controle-do-carrapato-ms\/controle-do-carrapato\/\"><span class=\"screen-reader-text\">Read more about Controle do carrapato<\/span>[&#8230;]<\/a><\/p>\n","protected":false},"author":3,"featured_media":0,"parent":0,"menu_order":0,"comment_status":"closed","ping_status":"closed","template":"","meta":{"_exactmetrics_skip_tracking":false,"_exactmetrics_sitenote_active":false,"_exactmetrics_sitenote_note":"","_exactmetrics_sitenote_category":0,"footnotes":""},"class_list":["post-715","page","type-page","status-publish","hentry"],"_links":{"self":[{"href":"https:\/\/cloud.cnpgc.embrapa.br\/controle-do-carrapato-ms\/wp-json\/wp\/v2\/pages\/715","targetHints":{"allow":["GET"]}}],"collection":[{"href":"https:\/\/cloud.cnpgc.embrapa.br\/controle-do-carrapato-ms\/wp-json\/wp\/v2\/pages"}],"about":[{"href":"https:\/\/cloud.cnpgc.embrapa.br\/controle-do-carrapato-ms\/wp-json\/wp\/v2\/types\/page"}],"author":[{"embeddable":true,"href":"https:\/\/cloud.cnpgc.embrapa.br\/controle-do-carrapato-ms\/wp-json\/wp\/v2\/users\/3"}],"replies":[{"embeddable":true,"href":"https:\/\/cloud.cnpgc.embrapa.br\/controle-do-carrapato-ms\/wp-json\/wp\/v2\/comments?post=715"}],"version-history":[{"count":1,"href":"https:\/\/cloud.cnpgc.embrapa.br\/controle-do-carrapato-ms\/wp-json\/wp\/v2\/pages\/715\/revisions"}],"predecessor-version":[{"id":716,"href":"https:\/\/cloud.cnpgc.embrapa.br\/controle-do-carrapato-ms\/wp-json\/wp\/v2\/pages\/715\/revisions\/716"}],"wp:attachment":[{"href":"https:\/\/cloud.cnpgc.embrapa.br\/controle-do-carrapato-ms\/wp-json\/wp\/v2\/media?parent=715"}],"curies":[{"name":"wp","href":"https:\/\/api.w.org\/{rel}","templated":true}]}}