{"id":10,"date":"2025-06-18T14:35:45","date_gmt":"2025-06-18T17:35:45","guid":{"rendered":"https:\/\/cloud.cnpgc.embrapa.br\/cursobiosseguranca2025\/?page_id=10"},"modified":"2025-07-14T15:22:11","modified_gmt":"2025-07-14T18:22:11","slug":"sobre","status":"publish","type":"page","link":"https:\/\/cloud.cnpgc.embrapa.br\/cursobiosseguranca2025\/","title":{"rendered":"SOBRE"},"content":{"rendered":"\n<p>Em laborat\u00f3rios de alta conten\u00e7\u00e3o biol\u00f3gica, reconhece-se a necessidade cont\u00ednua de capacita\u00e7\u00e3o abrangente das equipes. Embora o Brasil esteja testemunhando um aumento no n\u00famero de novas instala\u00e7\u00f5es laboratoriais com alto n\u00edvel de seguran\u00e7a biol\u00f3gica, a iniciativa de treinamentos de excel\u00eancia em quest\u00f5es relacionadas \u00e0 seguran\u00e7a biol\u00f3gica para indiv\u00edduos, animais e meio ambiente ainda \u00e9 recente e em desenvolvimento. Oferecer este primeiro curso presencial em biosseguran\u00e7a e bioprote\u00e7\u00e3o, destinado \u00e0 capacita\u00e7\u00e3o de profissionais que atuam em laborat\u00f3rios de alto n\u00edvel de conten\u00e7\u00e3o biol\u00f3gica, e organizado pela equipe do Biopec\/Embrapa Gado de Corte, representa o passo inicial para o estabelecimento de um programa cont\u00ednuo de capacita\u00e7\u00e3o oferecido pela Embrapa nessa \u00e1rea, atendendo \u00e0s necessidades da regi\u00e3o e do pa\u00eds.<\/p>\n\n\n\n<p><\/p>\n\n\n\n<p><strong>Objetivo Geral<\/strong><\/p>\n\n\n\n<p>Aprimorar a atua\u00e7\u00e3o de profissionais envolvidos em atividades de pesquisa, opera\u00e7\u00e3o e gest\u00e3o de ambientes\/instala\u00e7\u00f5es de alta conten\u00e7\u00e3o biol\u00f3gica (NB-3, NB-3A, NB-3Ag), promovendo seguran\u00e7a e pr\u00e1ticas necess\u00e1rias para incentivar a execu\u00e7\u00e3o segura e eficaz de procedimentos nesses ambientes, impulsionando propostas e atividades que favore\u00e7am o desenvolvimento cient\u00edfico, tecnol\u00f3gico e a inova\u00e7\u00e3o regional e nacional.<\/p>\n\n\n\n<p><strong>Objetivos espec\u00edficos<\/strong><\/p>\n\n\n\n<ol class=\"wp-block-list\">\n<li>Estabelecer um programa de treinamento estruturado e espec\u00edfico para profissionais envolvidos em atividades de pesquisa, opera\u00e7\u00e3o e gest\u00e3o de ambientes de alta conten\u00e7\u00e3o biol\u00f3gica (NB-3, NB-3A, NB-3Ag) fomentando a forma\u00e7\u00e3o de agentes multiplicadores.<\/li>\n\n\n\n<li>Consolidar a equipe t\u00e9cnica interna do Biopec como agentes de dissemina\u00e7\u00e3o do conhecimento em Biosseguran\u00e7a e Bioprote\u00e7\u00e3o de modo a contribuir com a orienta\u00e7\u00e3o e solidifica\u00e7\u00e3o de pr\u00e1ticas seguras e eficazes de novos usu\u00e1rios e de usu\u00e1rios de infraestruturas laboratoriais de alto n\u00edvel de conten\u00e7\u00e3o biol\u00f3gica da regi\u00e3o.<\/li>\n\n\n\n<li>Estimular a utiliza\u00e7\u00e3o da infraestrutura laboratorial de alto n\u00edvel de conten\u00e7\u00e3o biol\u00f3gica multiusu\u00e1ria dispon\u00edvel na regi\u00e3o Centro-Oeste por meio de parcerias e contratos t\u00e9cnicos-cient\u00edficos.<\/li>\n\n\n\n<li>Estimular a expans\u00e3o das redes de contatos e colabora\u00e7\u00f5es em biosseguran\u00e7a e bioprote\u00e7\u00e3o.<\/li>\n<\/ol>\n","protected":false},"excerpt":{"rendered":"<p>Em laborat\u00f3rios de alta conten\u00e7\u00e3o biol\u00f3gica, reconhece-se a necessidade cont\u00ednua de capacita\u00e7\u00e3o abrangente das equipes. Embora o Brasil esteja testemunhando um aumento no n\u00famero de novas instala\u00e7\u00f5es laboratoriais com alto n\u00edvel de seguran\u00e7a biol\u00f3gica, a iniciativa de treinamentos de excel\u00eancia<\/p>\n","protected":false},"author":3,"featured_media":0,"parent":0,"menu_order":0,"comment_status":"closed","ping_status":"closed","template":"","meta":{"_exactmetrics_skip_tracking":false,"_exactmetrics_sitenote_active":false,"_exactmetrics_sitenote_note":"","_exactmetrics_sitenote_category":0,"footnotes":""},"class_list":["post-10","page","type-page","status-publish","hentry"],"_links":{"self":[{"href":"https:\/\/cloud.cnpgc.embrapa.br\/cursobiosseguranca2025\/wp-json\/wp\/v2\/pages\/10","targetHints":{"allow":["GET"]}}],"collection":[{"href":"https:\/\/cloud.cnpgc.embrapa.br\/cursobiosseguranca2025\/wp-json\/wp\/v2\/pages"}],"about":[{"href":"https:\/\/cloud.cnpgc.embrapa.br\/cursobiosseguranca2025\/wp-json\/wp\/v2\/types\/page"}],"author":[{"embeddable":true,"href":"https:\/\/cloud.cnpgc.embrapa.br\/cursobiosseguranca2025\/wp-json\/wp\/v2\/users\/3"}],"replies":[{"embeddable":true,"href":"https:\/\/cloud.cnpgc.embrapa.br\/cursobiosseguranca2025\/wp-json\/wp\/v2\/comments?post=10"}],"version-history":[{"count":5,"href":"https:\/\/cloud.cnpgc.embrapa.br\/cursobiosseguranca2025\/wp-json\/wp\/v2\/pages\/10\/revisions"}],"predecessor-version":[{"id":40,"href":"https:\/\/cloud.cnpgc.embrapa.br\/cursobiosseguranca2025\/wp-json\/wp\/v2\/pages\/10\/revisions\/40"}],"wp:attachment":[{"href":"https:\/\/cloud.cnpgc.embrapa.br\/cursobiosseguranca2025\/wp-json\/wp\/v2\/media?parent=10"}],"curies":[{"name":"wp","href":"https:\/\/api.w.org\/{rel}","templated":true}]}}

<p>Em laboratórios de alta contenção biológica, reconhece-se a necessidade contínua de capacitação abrangente das equipes. Embora o Brasil esteja testemunhando um aumento no número de novas instalações laboratoriais com alto nível de segurança biológica, a iniciativa de treinamentos de excelência em questões relacionadas à segurança biológica para indivíduos, animais e meio ambiente ainda é recente e em desenvolvimento. Oferecer este primeiro curso presencial em biossegurança e bioproteção, destinado à capacitação de profissionais que atuam em laboratórios de alto nível de contenção biológica, e organizado pela equipe do Biopec/Embrapa Gado de Corte, representa o passo inicial para o estabelecimento de um programa contínuo de capacitação oferecido pela Embrapa nessa área, atendendo às necessidades da região e do país.</p>



<p></p>



<p><strong>Objetivo Geral</strong></p>



<p>Aprimorar a atuação de profissionais envolvidos em atividades de pesquisa, operação e gestão de ambientes/instalações de alta contenção biológica (NB-3, NB-3A, NB-3Ag), promovendo segurança e práticas necessárias para incentivar a execução segura e eficaz de procedimentos nesses ambientes, impulsionando propostas e atividades que favoreçam o desenvolvimento científico, tecnológico e a inovação regional e nacional.</p>



<p><strong>Objetivos específicos</strong></p>



<ol class="wp-block-list">
<li>Estabelecer um programa de treinamento estruturado e específico para profissionais envolvidos em atividades de pesquisa, operação e gestão de ambientes de alta contenção biológica (NB-3, NB-3A, NB-3Ag) fomentando a formação de agentes multiplicadores.</li>



<li>Consolidar a equipe técnica interna do Biopec como agentes de disseminação do conhecimento em Biossegurança e Bioproteção de modo a contribuir com a orientação e solidificação de práticas seguras e eficazes de novos usuários e de usuários de infraestruturas laboratoriais de alto nível de contenção biológica da região.</li>



<li>Estimular a utilização da infraestrutura laboratorial de alto nível de contenção biológica multiusuária disponível na região Centro-Oeste por meio de parcerias e contratos técnicos-científicos.</li>



<li>Estimular a expansão das redes de contatos e colaborações em biossegurança e bioproteção.</li>
</ol>

<p>Em laboratórios de alta contenção biológica, reconhece-se a necessidade contínua de capacitação abrangente das equipes. Embora o Brasil esteja testemunhando um aumento no número de novas instalações laboratoriais com alto nível de segurança biológica, a iniciativa de treinamentos de excelência</p>
