{"id":25,"date":"2025-07-14T15:03:03","date_gmt":"2025-07-14T18:03:03","guid":{"rendered":"https:\/\/cloud.cnpgc.embrapa.br\/cursobiosseguranca2025\/?page_id=25"},"modified":"2025-10-06T11:02:48","modified_gmt":"2025-10-06T14:02:48","slug":"palestrantes","status":"publish","type":"page","link":"https:\/\/cloud.cnpgc.embrapa.br\/cursobiosseguranca2025\/palestrantes\/","title":{"rendered":"PALESTRANTES"},"content":{"rendered":"\n<h2 class=\"wp-block-heading\">20 de outubro na UCDB (Primeiro dia)<\/h2>\n\n\n\n<div class=\"wp-block-columns is-layout-flex wp-container-core-columns-is-layout-9d6595d7 wp-block-columns-is-layout-flex\">\n<div class=\"wp-block-column is-layout-flow wp-block-column-is-layout-flow\" style=\"flex-basis:10%\">\n<figure class=\"wp-block-image size-full\"><img fetchpriority=\"high\" decoding=\"async\" width=\"400\" height=\"500\" src=\"https:\/\/cloud.cnpgc.embrapa.br\/cursobiosseguranca2025\/files\/2025\/07\/claudionovo.jpg\" alt=\"\" class=\"wp-image-181\" srcset=\"https:\/\/cloud.cnpgc.embrapa.br\/cursobiosseguranca2025\/files\/2025\/07\/claudionovo.jpg 400w, https:\/\/cloud.cnpgc.embrapa.br\/cursobiosseguranca2025\/files\/2025\/07\/claudionovo-240x300.jpg 240w\" sizes=\"(max-width: 400px) 100vw, 400px\" \/><\/figure>\n<\/div>\n\n\n\n<div class=\"wp-block-column is-layout-flow wp-block-column-is-layout-flow\" style=\"flex-basis:66.66%\">\n<p><\/p>\n\n\n\n<p><br><strong>Claudio Lisias Mafra de Siqueira<\/strong><br>Sociedade Brasileira de Biosseguran\u00e7a e Bioprote\u00e7\u00e3o &#8211; SB3<\/p>\n<\/div>\n<\/div>\n\n\n\n<div class=\"wp-block-columns is-layout-flex wp-container-core-columns-is-layout-9d6595d7 wp-block-columns-is-layout-flex\">\n<div class=\"wp-block-column is-layout-flow wp-block-column-is-layout-flow\" style=\"flex-basis:10%\">\n<figure class=\"wp-block-image size-full\"><img decoding=\"async\" width=\"400\" height=\"500\" src=\"https:\/\/cloud.cnpgc.embrapa.br\/cursobiosseguranca2025\/files\/2025\/07\/andrenovo.jpg\" alt=\"\" class=\"wp-image-182\" srcset=\"https:\/\/cloud.cnpgc.embrapa.br\/cursobiosseguranca2025\/files\/2025\/07\/andrenovo.jpg 400w, https:\/\/cloud.cnpgc.embrapa.br\/cursobiosseguranca2025\/files\/2025\/07\/andrenovo-240x300.jpg 240w\" sizes=\"(max-width: 400px) 100vw, 400px\" \/><\/figure>\n<\/div>\n\n\n\n<div class=\"wp-block-column is-layout-flow wp-block-column-is-layout-flow\" style=\"flex-basis:66.66%\">\n<p><br><br><strong>Andr\u00e9 de Oliveira Mendon\u00e7a<\/strong><br>SEBIO\/CDL\/CGAL<\/p>\n<\/div>\n<\/div>\n\n\n\n<div class=\"wp-block-columns is-layout-flex wp-container-core-columns-is-layout-9d6595d7 wp-block-columns-is-layout-flex\">\n<div class=\"wp-block-column is-layout-flow wp-block-column-is-layout-flow\" style=\"flex-basis:10%\">\n<figure class=\"wp-block-image size-full\"><img decoding=\"async\" width=\"400\" height=\"500\" src=\"https:\/\/cloud.cnpgc.embrapa.br\/cursobiosseguranca2025\/files\/2025\/07\/tatianaNovo.jpg\" alt=\"\" class=\"wp-image-184\" srcset=\"https:\/\/cloud.cnpgc.embrapa.br\/cursobiosseguranca2025\/files\/2025\/07\/tatianaNovo.jpg 400w, https:\/\/cloud.cnpgc.embrapa.br\/cursobiosseguranca2025\/files\/2025\/07\/tatianaNovo-240x300.jpg 240w\" sizes=\"(max-width: 400px) 100vw, 400px\" \/><\/figure>\n<\/div>\n\n\n\n<div class=\"wp-block-column is-layout-flow wp-block-column-is-layout-flow\" style=\"flex-basis:66.66%\">\n<p><br><br><strong><strong>Tatiana Ometto<\/strong><\/strong><br>Centro Nacional de Pesquisa em Energia e Materiais\/Campinas-SP<\/p>\n<\/div>\n<\/div>\n\n\n\n<div class=\"wp-block-columns is-layout-flex wp-container-core-columns-is-layout-9d6595d7 wp-block-columns-is-layout-flex\">\n<div class=\"wp-block-column is-layout-flow wp-block-column-is-layout-flow\" style=\"flex-basis:10%\">\n<figure class=\"wp-block-image size-full\"><img loading=\"lazy\" decoding=\"async\" width=\"400\" height=\"500\" src=\"https:\/\/cloud.cnpgc.embrapa.br\/cursobiosseguranca2025\/files\/2025\/07\/MaxNovo3.jpg\" alt=\"\" class=\"wp-image-197\" srcset=\"https:\/\/cloud.cnpgc.embrapa.br\/cursobiosseguranca2025\/files\/2025\/07\/MaxNovo3.jpg 400w, https:\/\/cloud.cnpgc.embrapa.br\/cursobiosseguranca2025\/files\/2025\/07\/MaxNovo3-240x300.jpg 240w\" sizes=\"(max-width: 400px) 100vw, 400px\" \/><\/figure>\n<\/div>\n\n\n\n<div class=\"wp-block-column is-layout-flow wp-block-column-is-layout-flow\" style=\"flex-basis:66.66%\">\n<p><br><br><strong><strong><strong>Maxwell Parrella Andreu<\/strong><\/strong><\/strong><br>Embrapa Gado de Corte\/Campo Grande-MS<\/p>\n<\/div>\n<\/div>\n\n\n\n<div class=\"wp-block-columns is-layout-flex wp-container-core-columns-is-layout-9d6595d7 wp-block-columns-is-layout-flex\">\n<div class=\"wp-block-column is-layout-flow wp-block-column-is-layout-flow\" style=\"flex-basis:10%\">\n<figure class=\"wp-block-image size-full\"><img loading=\"lazy\" decoding=\"async\" width=\"400\" height=\"500\" src=\"https:\/\/cloud.cnpgc.embrapa.br\/cursobiosseguranca2025\/files\/2025\/07\/rubens2.jpg\" alt=\"\" class=\"wp-image-207\" srcset=\"https:\/\/cloud.cnpgc.embrapa.br\/cursobiosseguranca2025\/files\/2025\/07\/rubens2.jpg 400w, https:\/\/cloud.cnpgc.embrapa.br\/cursobiosseguranca2025\/files\/2025\/07\/rubens2-240x300.jpg 240w\" sizes=\"(max-width: 400px) 100vw, 400px\" \/><\/figure>\n<\/div>\n\n\n\n<div class=\"wp-block-column is-layout-flow wp-block-column-is-layout-flow\" style=\"flex-basis:66.66%\">\n<p><br><br><strong><strong><strong>Rubens Jos\u00e9 do Nascimento<\/strong><\/strong><\/strong><br>CTNBio\/Bras\u00edlia-DF<\/p>\n<\/div>\n<\/div>\n\n\n\n<p><\/p>\n\n\n\n<p><\/p>\n\n\n\n<h2 class=\"wp-block-heading\">21 de outubro na UCDB (Segundo dia &#8211; a partir de 10h30)<\/h2>\n\n\n\n<div class=\"wp-block-columns is-layout-flex wp-container-core-columns-is-layout-9d6595d7 wp-block-columns-is-layout-flex\">\n<div class=\"wp-block-column is-layout-flow wp-block-column-is-layout-flow\" style=\"flex-basis:10%\">\n<figure class=\"wp-block-image size-full\"><img loading=\"lazy\" decoding=\"async\" width=\"400\" height=\"500\" src=\"https:\/\/cloud.cnpgc.embrapa.br\/cursobiosseguranca2025\/files\/2025\/07\/kellyNovo.jpg\" alt=\"\" class=\"wp-image-186\" srcset=\"https:\/\/cloud.cnpgc.embrapa.br\/cursobiosseguranca2025\/files\/2025\/07\/kellyNovo.jpg 400w, https:\/\/cloud.cnpgc.embrapa.br\/cursobiosseguranca2025\/files\/2025\/07\/kellyNovo-240x300.jpg 240w\" sizes=\"(max-width: 400px) 100vw, 400px\" \/><\/figure>\n<\/div>\n\n\n\n<div class=\"wp-block-column is-layout-flow wp-block-column-is-layout-flow\" style=\"flex-basis:66.66%\">\n<p><br><br><strong><strong><strong><strong>Kelly Fagundes Nascimento<\/strong><\/strong><\/strong><\/strong><br>SEBIO\/CDL\/CGAL<\/p>\n<\/div>\n<\/div>\n\n\n\n<div class=\"wp-block-columns is-layout-flex wp-container-core-columns-is-layout-9d6595d7 wp-block-columns-is-layout-flex\">\n<div class=\"wp-block-column is-layout-flow wp-block-column-is-layout-flow\" style=\"flex-basis:10%\">\n<figure class=\"wp-block-image size-full\"><img loading=\"lazy\" decoding=\"async\" width=\"400\" height=\"500\" src=\"https:\/\/cloud.cnpgc.embrapa.br\/cursobiosseguranca2025\/files\/2025\/07\/GiovannyNovo.jpg\" alt=\"\" class=\"wp-image-187\" srcset=\"https:\/\/cloud.cnpgc.embrapa.br\/cursobiosseguranca2025\/files\/2025\/07\/GiovannyNovo.jpg 400w, https:\/\/cloud.cnpgc.embrapa.br\/cursobiosseguranca2025\/files\/2025\/07\/GiovannyNovo-240x300.jpg 240w\" sizes=\"(max-width: 400px) 100vw, 400px\" \/><\/figure>\n<\/div>\n\n\n\n<div class=\"wp-block-column is-layout-flow wp-block-column-is-layout-flow\" style=\"flex-basis:66.66%\">\n<p><br><br><strong><strong><strong><strong><strong>Giovanny Augusto Camacho Antevere Mazzarotto<\/strong><\/strong><\/strong><\/strong><\/strong><br>Fiocruz &#8211; CE<\/p>\n<\/div>\n<\/div>\n\n\n\n<div class=\"wp-block-columns is-layout-flex wp-container-core-columns-is-layout-9d6595d7 wp-block-columns-is-layout-flex\">\n<div class=\"wp-block-column is-layout-flow wp-block-column-is-layout-flow\" style=\"flex-basis:10%\">\n<figure class=\"wp-block-image size-full\"><img loading=\"lazy\" decoding=\"async\" width=\"400\" height=\"500\" src=\"https:\/\/cloud.cnpgc.embrapa.br\/cursobiosseguranca2025\/files\/2025\/07\/NadiaNovo.jpg\" alt=\"\" class=\"wp-image-189\" srcset=\"https:\/\/cloud.cnpgc.embrapa.br\/cursobiosseguranca2025\/files\/2025\/07\/NadiaNovo.jpg 400w, https:\/\/cloud.cnpgc.embrapa.br\/cursobiosseguranca2025\/files\/2025\/07\/NadiaNovo-240x300.jpg 240w\" sizes=\"(max-width: 400px) 100vw, 400px\" \/><\/figure>\n<\/div>\n\n\n\n<div class=\"wp-block-column is-layout-flow wp-block-column-is-layout-flow\" style=\"flex-basis:66.66%\">\n<p><br><br><strong>N\u00e1dia Vaez Gon\u00e7alves da Cruz<\/strong><br>Instituto de Biologia do Ex\u00e9rcito &#8211; Ex\u00e9rcito Brasileiro\/MD<\/p>\n<\/div>\n<\/div>\n\n\n\n<div class=\"wp-block-columns is-layout-flex wp-container-core-columns-is-layout-9d6595d7 wp-block-columns-is-layout-flex\">\n<div class=\"wp-block-column is-layout-flow wp-block-column-is-layout-flow\" style=\"flex-basis:10%\">\n<figure class=\"wp-block-image size-full\"><img loading=\"lazy\" decoding=\"async\" width=\"400\" height=\"500\" src=\"https:\/\/cloud.cnpgc.embrapa.br\/cursobiosseguranca2025\/files\/2025\/07\/DilmaraNovo-1.jpg\" alt=\"\" class=\"wp-image-190\" srcset=\"https:\/\/cloud.cnpgc.embrapa.br\/cursobiosseguranca2025\/files\/2025\/07\/DilmaraNovo-1.jpg 400w, https:\/\/cloud.cnpgc.embrapa.br\/cursobiosseguranca2025\/files\/2025\/07\/DilmaraNovo-1-240x300.jpg 240w\" sizes=\"(max-width: 400px) 100vw, 400px\" \/><\/figure>\n<\/div>\n\n\n\n<div class=\"wp-block-column is-layout-flow wp-block-column-is-layout-flow\" style=\"flex-basis:66.66%\">\n<p><br><br><strong>Dilmara Reischak<\/strong><br>Laborat\u00f3rio Federal de Defesa Agropecu\u00e1ria &#8211; MAPA<\/p>\n<\/div>\n<\/div>\n\n\n\n<p><\/p>\n\n\n\n<h2 class=\"wp-block-heading\">21 de outubro na UCDB (Segundo dia)<\/h2>\n\n\n\n<p><em>Mesa redonda &#8211; 8h<\/em><br><strong><em>A experi\u00eancia da gest\u00e3o e opera\u00e7\u00e3o em ambiente de alto n\u00edvel de conten\u00e7\u00e3o biol\u00f3gica no Brasil<\/em><\/strong><br><em>(Moderador: Fl\u00e1bio Ribeiro de Ara\u00fajo &#8211; Embrapa Gado de Corte)<\/em><\/p>\n\n\n\n<div class=\"wp-block-columns is-layout-flex wp-container-core-columns-is-layout-9d6595d7 wp-block-columns-is-layout-flex\">\n<div class=\"wp-block-column is-layout-flow wp-block-column-is-layout-flow\" style=\"flex-basis:10%\">\n<figure class=\"wp-block-image size-full\"><img loading=\"lazy\" decoding=\"async\" width=\"400\" height=\"500\" src=\"https:\/\/cloud.cnpgc.embrapa.br\/cursobiosseguranca2025\/files\/2025\/07\/AnaNovo2.jpg\" alt=\"\" class=\"wp-image-202\" srcset=\"https:\/\/cloud.cnpgc.embrapa.br\/cursobiosseguranca2025\/files\/2025\/07\/AnaNovo2.jpg 400w, https:\/\/cloud.cnpgc.embrapa.br\/cursobiosseguranca2025\/files\/2025\/07\/AnaNovo2-240x300.jpg 240w\" sizes=\"(max-width: 400px) 100vw, 400px\" \/><\/figure>\n<\/div>\n\n\n\n<div class=\"wp-block-column is-layout-flow wp-block-column-is-layout-flow\" style=\"flex-basis:66.66%\">\n<p><br><br><strong>Ana M\u00e1rcia S\u00e1 Guimar\u00e3es<\/strong><br>Instituto de Ci\u00eancias Biom\u00e9dicas da USP &#8211; SP<\/p>\n<\/div>\n<\/div>\n\n\n\n<div class=\"wp-block-columns is-layout-flex wp-container-core-columns-is-layout-9d6595d7 wp-block-columns-is-layout-flex\">\n<div class=\"wp-block-column is-layout-flow wp-block-column-is-layout-flow\" style=\"flex-basis:10%\">\n<figure class=\"wp-block-image size-full\"><img loading=\"lazy\" decoding=\"async\" width=\"400\" height=\"500\" src=\"https:\/\/cloud.cnpgc.embrapa.br\/cursobiosseguranca2025\/files\/2025\/07\/MatheusNovo1.jpg\" alt=\"\" class=\"wp-image-195\" srcset=\"https:\/\/cloud.cnpgc.embrapa.br\/cursobiosseguranca2025\/files\/2025\/07\/MatheusNovo1.jpg 400w, https:\/\/cloud.cnpgc.embrapa.br\/cursobiosseguranca2025\/files\/2025\/07\/MatheusNovo1-240x300.jpg 240w\" sizes=\"(max-width: 400px) 100vw, 400px\" \/><\/figure>\n<\/div>\n\n\n\n<div class=\"wp-block-column is-layout-flow wp-block-column-is-layout-flow\" style=\"flex-basis:66.66%\">\n<p><br><br><strong>Matheus Filgueira Bezerra<\/strong><br>Fiocruz &#8211; PE<\/p>\n<\/div>\n<\/div>\n\n\n\n<div class=\"wp-block-columns is-layout-flex wp-container-core-columns-is-layout-9d6595d7 wp-block-columns-is-layout-flex\">\n<div class=\"wp-block-column is-layout-flow wp-block-column-is-layout-flow\" style=\"flex-basis:10%\">\n<figure class=\"wp-block-image size-full\"><img loading=\"lazy\" decoding=\"async\" width=\"400\" height=\"500\" src=\"https:\/\/cloud.cnpgc.embrapa.br\/cursobiosseguranca2025\/files\/2025\/07\/FernandoNovo.jpg\" alt=\"\" class=\"wp-image-193\" srcset=\"https:\/\/cloud.cnpgc.embrapa.br\/cursobiosseguranca2025\/files\/2025\/07\/FernandoNovo.jpg 400w, https:\/\/cloud.cnpgc.embrapa.br\/cursobiosseguranca2025\/files\/2025\/07\/FernandoNovo-240x300.jpg 240w\" sizes=\"(max-width: 400px) 100vw, 400px\" \/><\/figure>\n<\/div>\n\n\n\n<div class=\"wp-block-column is-layout-flow wp-block-column-is-layout-flow\" style=\"flex-basis:66.66%\">\n<p><br><br><strong>Fernando Henrique Brand\u00e3o Molento<\/strong><br>Instituto Evandro Chagas &#8211; PA<\/p>\n<\/div>\n<\/div>\n","protected":false},"excerpt":{"rendered":"<p>20 de outubro na UCDB (Primeiro dia) Claudio Lisias Mafra de SiqueiraSociedade Brasileira de Biosseguran\u00e7a e Bioprote\u00e7\u00e3o &#8211; SB3 Andr\u00e9 de Oliveira Mendon\u00e7aSEBIO\/CDL\/CGAL Tatiana OmettoCentro Nacional de Pesquisa em Energia e Materiais\/Campinas-SP Maxwell Parrella AndreuEmbrapa Gado de Corte\/Campo Grande-MS Rubens<\/p>\n","protected":false},"author":3,"featured_media":0,"parent":0,"menu_order":0,"comment_status":"closed","ping_status":"closed","template":"","meta":{"_exactmetrics_skip_tracking":false,"_exactmetrics_sitenote_active":false,"_exactmetrics_sitenote_note":"","_exactmetrics_sitenote_category":0,"footnotes":""},"class_list":["post-25","page","type-page","status-publish","hentry"],"_links":{"self":[{"href":"https:\/\/cloud.cnpgc.embrapa.br\/cursobiosseguranca2025\/wp-json\/wp\/v2\/pages\/25","targetHints":{"allow":["GET"]}}],"collection":[{"href":"https:\/\/cloud.cnpgc.embrapa.br\/cursobiosseguranca2025\/wp-json\/wp\/v2\/pages"}],"about":[{"href":"https:\/\/cloud.cnpgc.embrapa.br\/cursobiosseguranca2025\/wp-json\/wp\/v2\/types\/page"}],"author":[{"embeddable":true,"href":"https:\/\/cloud.cnpgc.embrapa.br\/cursobiosseguranca2025\/wp-json\/wp\/v2\/users\/3"}],"replies":[{"embeddable":true,"href":"https:\/\/cloud.cnpgc.embrapa.br\/cursobiosseguranca2025\/wp-json\/wp\/v2\/comments?post=25"}],"version-history":[{"count":27,"href":"https:\/\/cloud.cnpgc.embrapa.br\/cursobiosseguranca2025\/wp-json\/wp\/v2\/pages\/25\/revisions"}],"predecessor-version":[{"id":408,"href":"https:\/\/cloud.cnpgc.embrapa.br\/cursobiosseguranca2025\/wp-json\/wp\/v2\/pages\/25\/revisions\/408"}],"wp:attachment":[{"href":"https:\/\/cloud.cnpgc.embrapa.br\/cursobiosseguranca2025\/wp-json\/wp\/v2\/media?parent=25"}],"curies":[{"name":"wp","href":"https:\/\/api.w.org\/{rel}","templated":true}]}}