{"id":2,"date":"2017-02-10T16:22:00","date_gmt":"2017-02-10T16:22:00","guid":{"rendered":"http:\/\/cloud.cnpgc.embrapa.br\/custobov\/?page_id=2"},"modified":"2024-06-11T17:46:42","modified_gmt":"2024-06-11T17:46:42","slug":"pagina-exemplo","status":"publish","type":"page","link":"https:\/\/cloud.cnpgc.embrapa.br\/custobov\/","title":{"rendered":"Sobre"},"content":{"rendered":"<p>Tendo como alvo t\u00e9cnicos e produtores, a Embrapa Gado de Corte vem desenvolvendo e disponibilizando algumas ferramentas que auxiliam na gest\u00e3o das fazendas de gado de corte. Inicialmente, foi colocada \u00e0 disposi\u00e7\u00e3o a publica\u00e7\u00e3o \u201cFichas para Controle Zoot\u00e9cnico de Bovinos de Corte\u201d. Posteriormente foi a vez dos aplicativos GERENPEC (COSTA et al., 2004) e CONTROLPEC (COSTA e CORR\u00caA, 2006), voltados para o planejamento e o controle financeiro da atividade pecu\u00e1ria. Os tr\u00eas produtos est\u00e3o dispon\u00edveis para \u201cdownload\u201d gratuito na p\u00e1gina institucional da Embrapa Gado de Corte (https:\/\/www.embrapa.br\/gado-de-corte\/produtos-processos-e-servicos). Tamb\u00e9m \u00e9 produto da Unidade o EMBRAPEC (CEZAR e QUEIROZ, 2007), que permite simular uma fazenda que inclui pecu\u00e1ria e outras atividades produtivas.<\/p>\n<p>Dando continuidade a essa linha de trabalho, a Unidade oferece agora um novo aplicativo, denominado CUSTObov, o qual permite calcular o custo de produ\u00e7\u00e3o dos produtos da fazenda pecu\u00e1ria, bem como as margens que refletem seu desempenho econ\u00f4mico.<\/p>\n<p>Considerando-se que ainda s\u00e3o poucas as fazendas que apuram sistematicamente o custo de produ\u00e7\u00e3o e outros indicadores econ\u00f4micos &#8211; o que explica a demanda por ferramenta auxiliar, manifestada por produtores e t\u00e9cnicos que interagem com a Embrapa Gado de Corte &#8211; espera-se que este produto, aliado aos demais j\u00e1 mencionados, possa ajudar na melhoria da gest\u00e3o do neg\u00f3cio pecu\u00e1rio, contribuindo para a eleva\u00e7\u00e3o da rentabilidade da atividade.<\/p>\n<p><a href=\"http:\/\/cloud.cnpgc.embrapa.br\/custobov\/files\/2017\/03\/Manual-CustoBov.pdf\" target=\"_blank\" rel=\"noopener\">Manual do CustoBov<\/a><\/p>\n<p>Para fazer download da <strong>Planilha CustoBov<\/strong>, por favor, preencha o formul\u00e1rio no link abaixo:<\/p>\n<p><a href=\"https:\/\/www.embrapa.br\/documents\/1355108\/89977189\/Planilha+do+CustoBov\/41ec21c9-1cf3-a849-3a53-ba8e959fe536\" target=\"_blank\" rel=\"noopener\">Formul\u00e1rio Usu\u00e1rios CustoBov<\/a><\/p>\n","protected":false},"excerpt":{"rendered":"<p>Tendo como alvo t\u00e9cnicos e produtores, a Embrapa Gado de Corte vem desenvolvendo e disponibilizando algumas ferramentas que auxiliam na gest\u00e3o das fazendas de gado de corte. Inicialmente, foi colocada [&hellip;]<\/p>\n","protected":false},"author":50,"featured_media":0,"parent":0,"menu_order":0,"comment_status":"closed","ping_status":"open","template":"","meta":{"_exactmetrics_skip_tracking":false,"_exactmetrics_sitenote_active":false,"_exactmetrics_sitenote_note":"","_exactmetrics_sitenote_category":0,"footnotes":""},"class_list":["post-2","page","type-page","status-publish","hentry"],"_links":{"self":[{"href":"https:\/\/cloud.cnpgc.embrapa.br\/custobov\/wp-json\/wp\/v2\/pages\/2","targetHints":{"allow":["GET"]}}],"collection":[{"href":"https:\/\/cloud.cnpgc.embrapa.br\/custobov\/wp-json\/wp\/v2\/pages"}],"about":[{"href":"https:\/\/cloud.cnpgc.embrapa.br\/custobov\/wp-json\/wp\/v2\/types\/page"}],"author":[{"embeddable":true,"href":"https:\/\/cloud.cnpgc.embrapa.br\/custobov\/wp-json\/wp\/v2\/users\/50"}],"replies":[{"embeddable":true,"href":"https:\/\/cloud.cnpgc.embrapa.br\/custobov\/wp-json\/wp\/v2\/comments?post=2"}],"version-history":[{"count":14,"href":"https:\/\/cloud.cnpgc.embrapa.br\/custobov\/wp-json\/wp\/v2\/pages\/2\/revisions"}],"predecessor-version":[{"id":53,"href":"https:\/\/cloud.cnpgc.embrapa.br\/custobov\/wp-json\/wp\/v2\/pages\/2\/revisions\/53"}],"wp:attachment":[{"href":"https:\/\/cloud.cnpgc.embrapa.br\/custobov\/wp-json\/wp\/v2\/media?parent=2"}],"curies":[{"name":"wp","href":"https:\/\/api.w.org\/{rel}","templated":true}]}}