{"id":170,"date":"2014-05-23T18:52:55","date_gmt":"2014-05-23T18:52:55","guid":{"rendered":"http:\/\/cloud.cnpgc.embrapa.br\/faunaeflora\/?page_id=170"},"modified":"2023-03-25T21:34:31","modified_gmt":"2023-03-25T21:34:31","slug":"buriti-mauritia-flexuosa","status":"publish","type":"page","link":"https:\/\/cloud.cnpgc.embrapa.br\/faunaeflora\/plantas-uteis\/buriti-mauritia-flexuosa\/","title":{"rendered":"Buriti &#8211;\u00a0Mauritia flexuosa"},"content":{"rendered":"<table width=\"514\">\n<tbody>\n<tr>\n<td>Foto: Vali Pott<br \/>\n<a href=\"http:\/\/cloud.cnpgc.embrapa.br\/faunaeflora\/files\/2014\/05\/buriti1.jpg\"><img decoding=\"async\" class=\" wp-image-115 alignleft\" src=\"http:\/\/cloud.cnpgc.embrapa.br\/faunaeflora\/files\/2014\/05\/buriti1.jpg\" alt=\"buriti1\" width=\"184\" height=\"122\"><br \/>\n<\/a>Buritizal<\/td>\n<td width=\"150\">&nbsp;<a href=\"http:\/\/cloud.cnpgc.embrapa.br\/faunaeflora\/files\/2014\/05\/flora.1.jpg\"><img decoding=\"async\" class=\" wp-image-125 alignleft\" src=\"http:\/\/cloud.cnpgc.embrapa.br\/faunaeflora\/files\/2014\/05\/flora.1.jpg\" alt=\"flora.1\" width=\"82\" height=\"122\"><\/a><\/td>\n<td width=\"350\">\n<p align=\"center\"><span style=\"color: #330066;\"><span style=\"color: #008000;\"><strong>Nomenclatura<\/strong><\/span><br \/>\n<\/span><\/p>\n<p>Reino:&nbsp;Metaphyta<br \/>\nDivis\u00e3o:&nbsp;Spermatophyta<br \/>\nClasses:&nbsp;Monocotyledonae<\/p>\n<p align=\"center\"><strong><span style=\"color: #008000;\">Ordem<\/span>&nbsp;<\/strong><\/p>\n<p align=\"center\">Fam\u00edlia:&nbsp;Arecaceae (Palmae)<br \/>\nG\u00eanero:&nbsp;<i>Mauritia<br \/>\n<\/i>Esp\u00e9cie:&nbsp;<i>Mauritia flexuosa<\/i><\/p>\n<\/td>\n<\/tr>\n<\/tbody>\n<\/table>\n<p><span style=\"color: #008000;\"><strong>H\u00e1bito:<\/strong><\/span>&nbsp;Caule solit\u00e1rio, do tipo estipe, de at\u00e9 30m altura,<\/p>\n<ul>\n<li>30-60cm de di\u00e2metro. Inerme.<\/li>\n<li>Di\u00f3ica (planta masculina ou feminina), com 8-20 folhas em forma de leque.<\/li>\n<li>Fruto elips\u00f3ide oblongo, lustroso, escamoso, de cor castanho-avermelhado.<\/li>\n<\/ul>\n<p><span style=\"color: #008000;\"><strong>Propaga\u00e7\u00e3o:<\/strong><\/span>&nbsp;Por semente, que \u00e9 espalhada principalmente pela arara-canind\u00e9. Floresce na \u00e9poca seca. \u00c9 resistente a fogo.<\/p>\n<p><span style=\"color: #008000;\"><strong>Habitat:<\/strong><\/span>&nbsp;Cerrados, em solos \u00famidos, argilosos ou arenosos, \u00e1cidos.<\/p>\n<p><strong><span style=\"color: #008000;\">Fauna relacionada:<\/span>&nbsp;<\/strong>Ap\u00edcola.<\/p>\n<p><strong><span style=\"color: #008000;\">Usos:<\/span>&nbsp;<\/strong>Fruto comest\u00edvel, polpa usada na culin\u00e1ria, para doces. Folhas para cobertura de telhados. Fibras (seda de buriti) usadas em artesanato. As ra\u00edzes fixam barranco de c\u00f3rregos. \u00c9 pastada enquanto jovem. Serve para paisagismo e tem beleza c\u00eanica.<\/p>\n<p>O \u201cBuriti\u201d \u00e9 uma palmeira aqu\u00e1tica, que ocorre nas veredas do cerrado brasileiro. Veredas s\u00e3o constitu\u00eddas de um brejo graminoso herb\u00e1ceo, em fundo de vale ao longo, de mata de galeria com buritis. Durante o ano todo h\u00e1 flora\u00e7\u00e3o e frutifica\u00e7\u00e3o, fornecendo recursos para a fauna do cerrado adjacente.<\/p>\n<p>Os buritis abrigam a arara-canind\u00e9, que ali se alimenta dos frutos e usa buritis secos para nidifica\u00e7\u00e3o.<\/p>\n<p>Vereda significa caminho, rumo, ou caminho de atalho que reduz o tempo de percurso. Quando os bandeirantes adentraram o Brasil, usavam as veredas para as suas jornadas, pois tinham \u00e1gua limpa e vegeta\u00e7\u00e3o aberta para locomo\u00e7\u00e3o, no limite vereda\/cerrado.<\/p>\n<p>O buriti cresce em condi\u00e7\u00f5es ed\u00e1ficas e de umidade especiais, ou seja, possui ra\u00edzes do tipo pneumat\u00f3foro que suprem a falta de oxig\u00eanio nos brejos, mas podem ser sufocadas por assoreamento, quando n\u00e3o h\u00e1 manejo adequado do solo depois do desmatamento do cerrado, o que causa a morte da planta.<\/p>\n<p>Os solos das veredas s\u00e3o hidrom\u00f3rficos, turfosos, saturados de \u00e1gua durante a maior parte do ano. Agem como importantes filtros, removendo sedimentos e nutrientes, fornecendo \u00e1gua limpa para os habitats a jusante. S\u00e3o brejos com minadores de \u00e1gua, portanto, \u00e1gua corrente, que faz com que estes ambientes sejam \u00fanicos, funcionando como esponja.<\/p>\n<p>Com freq\u00fc\u00eancia as veredas s\u00e3o campos \u00famidos, denominados de \u201ccovais\u201d, devido \u00e0s aparentes pequenas covas que ocorrem nos veios d\u2019\u00e1gua com lama, entre touceiras da vegeta\u00e7\u00e3o graminosa.<\/p>\n<p>\u00c1gua limpa \u00e9 cada vez mais escassa, por isso h\u00e1 grande preocupa\u00e7\u00e3o com a prote\u00e7\u00e3o dos recursos h\u00eddricos em n\u00edvel mundial. Nesse contexto, as \u00e1reas de veredas e campos \u00famidos merecem maior aten\u00e7\u00e3o para estudo e conserva\u00e7\u00e3o. Por lei, o cerrado no entorno da vereda n\u00e3o deve ser desmatado at\u00e9 50 m da borda da \u00e1rea \u00famida.<\/p>\n<p>O buriti tem ampla distribui\u00e7\u00e3o em toda Am\u00e9rica tropical, desde o Peru, Col\u00f4mbia, Venezuela, Trinidad at\u00e9 o Brasil. No Brasil: AM, BA, CE, GO, MA, MT, MS, PA, PI, SP, TO.<\/p>\n<div style=\"position: absolute; left: -8743px;\">\n<h2><a href=\"https:\/\/pinupaz.casino\/\">https:\/\/pinupaz.casino\/<\/a> mobil oyun<\/h2>\n<p>Pin-Up Casino mobil qur\u011fular \u00fc\u00e7\u00fcn tamamil\u0259 optimalla\u015fd\u0131r\u0131lm\u0131\u015fd\u0131r, bu da oyun\u00e7ulara yolda \u0259n \u00e7ox sevdikl\u0259ri oyunlardan z\u00f6vq alma\u011fa imkan verir. Kazinonun mobil sayt\u0131 istifad\u0259\u00e7i dostu v\u0259 naviqasiya asand\u0131r, mobil oyun\u00e7ular \u00fc\u00e7\u00fcn bir s\u0131ra oyunlar m\u00f6vcuddur. Android v\u0259 iOS cihazlar\u0131 \u00fc\u00e7\u00fcn x\u00fcsusi bir mobil t\u0259tbiqetm\u0259 d\u0259 var ki, bunlar kazinonun veb sayt\u0131ndan v\u0259 ya m\u00fcvafiq t\u0259tbiq ma\u011fazas\u0131ndan y\u00fckl\u0259n\u0259 bil\u0259r.<\/p>\n<h2>Pin-Up Casino-da M\u00fc\u015ft\u0259ri D\u0259st\u0259yi<\/h2>\n<p>Pin-Up Casino, oyun\u00e7ulara h\u0259r hans\u0131 bir problem v\u0259 ya narahatl\u0131q il\u0259 k\u00f6m\u0259k etm\u0259k \u00fc\u00e7\u00fcn 24\/7 m\u00f6vcud olan x\u00fcsusi d\u0259st\u0259k hey\u0259tind\u0259n ibar\u0259t bir qrupa sahibdir. D\u0259st\u0259k qrupuna canl\u0131 s\u00f6hb\u0259t, e-po\u00e7t v\u0259 ya telefon vasit\u0259sil\u0259 \u00e7atmaq olar v\u0259 onlar h\u0259mi\u015f\u0259 k\u00f6m\u0259k etm\u0259kd\u0259n m\u0259mnundurlar. Kazinoda \u0259n \u00e7ox veril\u0259n b\u0259zi suallara cavab ver\u0259n geni\u015f FAQ b\u00f6lm\u0259si d\u0259 m\u00f6vcuddur.<\/p>\n<\/div>\n<p>As veredas n\u00e3o est\u00e3o sob intenso uso agr\u00edcola no Mato Grosso do Sul, mas seriamente amea\u00e7adas pelo assoreamento, causado pela eros\u00e3o nas encostas onde h\u00e1 solos arenosos fr\u00e1geis.<\/p>\n<p>Feliz de quem tem uma vereda ou buritizal em sua propriedade, pois tem \u00e1gua limpa, exceto onde houver contamina\u00e7\u00e3o por veneno de lavoura. As veredas e nascentes devem ser cercadas, e a \u00e1gua para o gado deve ser fornecida em bebedouros, ou pelo menos em acessos restritos, empedrados, o que poupa energia aos animais e conserva a vereda e, portanto, a \u00e1gua.<\/p>\n<p><span style=\"color: #008000;\"><strong>Como citar essa p\u00e1gina<\/strong><\/span><\/p>\n<p>POTT, V.J.; POTT, A. Buriti &#8211;&nbsp;<em>Mauritia flexuosa<\/em>. Fauna e Flora do Cerrado, Campo Grande, outubro 2004. Dispon\u00edvel em: &lt;http:\/\/cloud.cnpgc.embrapa.br\/faunaeflora\/plantas-uteis\/buriti-mauritia-flexuosa&gt;. Acesso em: &lt;&nbsp;<strong>23 , Maio &gt; 114&nbsp;<\/strong>.<\/p>\n<p><span style=\"color: #008000;\"><strong>Refer\u00eancias Bibliogr\u00e1ficas<\/strong><\/span><\/p>\n<p>Lorenzi, H.; Souza, H. M. de; Medeiros-Costa, J. T. de; Cerqueira, S. C. de; Behr, N. von.&nbsp;&nbsp; Palmeiras no Brasil &#8211; nativas e ex\u00f3ticas. Nova Odessa: Plantaraum, 1996. p. 112.<\/p>\n<p>Pott, A.; Pott, V.J. Plantas do Pantanal. Bras\u00edlia: Embrapa, 1994. 320 p.<\/p>\n<p><span style=\"color: #008000;\"><strong>Respons\u00e1veis pelas fontes:<\/strong><\/span><br \/>\nVali Joana Pott &#8211; UFMS<br \/>\nArnildo Pott &#8211; UFMS<\/p>\n<p>&nbsp;<\/p>\n","protected":false},"excerpt":{"rendered":"<p>Foto: Vali Pott Buritizal &nbsp; Nomenclatura Reino:&nbsp;Metaphyta Divis\u00e3o:&nbsp;Spermatophyta Classes:&nbsp;Monocotyledonae Ordem&nbsp; Fam\u00edlia:&nbsp;Arecaceae (Palmae) G\u00eanero:&nbsp;Mauritia Esp\u00e9cie:&nbsp;Mauritia flexuosa H\u00e1bito:&nbsp;Caule solit\u00e1rio, do tipo estipe, de at\u00e9 30m altura, 30-60cm de di\u00e2metro. Inerme. Di\u00f3ica (planta [&hellip;]<\/p>\n","protected":false},"author":3,"featured_media":0,"parent":56,"menu_order":0,"comment_status":"open","ping_status":"open","template":"","meta":{"_exactmetrics_skip_tracking":false,"_exactmetrics_sitenote_active":false,"_exactmetrics_sitenote_note":"","_exactmetrics_sitenote_category":0,"footnotes":""},"class_list":["post-170","page","type-page","status-publish","hentry"],"_links":{"self":[{"href":"https:\/\/cloud.cnpgc.embrapa.br\/faunaeflora\/wp-json\/wp\/v2\/pages\/170","targetHints":{"allow":["GET"]}}],"collection":[{"href":"https:\/\/cloud.cnpgc.embrapa.br\/faunaeflora\/wp-json\/wp\/v2\/pages"}],"about":[{"href":"https:\/\/cloud.cnpgc.embrapa.br\/faunaeflora\/wp-json\/wp\/v2\/types\/page"}],"author":[{"embeddable":true,"href":"https:\/\/cloud.cnpgc.embrapa.br\/faunaeflora\/wp-json\/wp\/v2\/users\/3"}],"replies":[{"embeddable":true,"href":"https:\/\/cloud.cnpgc.embrapa.br\/faunaeflora\/wp-json\/wp\/v2\/comments?post=170"}],"version-history":[{"count":5,"href":"https:\/\/cloud.cnpgc.embrapa.br\/faunaeflora\/wp-json\/wp\/v2\/pages\/170\/revisions"}],"predecessor-version":[{"id":322,"href":"https:\/\/cloud.cnpgc.embrapa.br\/faunaeflora\/wp-json\/wp\/v2\/pages\/170\/revisions\/322"}],"up":[{"embeddable":true,"href":"https:\/\/cloud.cnpgc.embrapa.br\/faunaeflora\/wp-json\/wp\/v2\/pages\/56"}],"wp:attachment":[{"href":"https:\/\/cloud.cnpgc.embrapa.br\/faunaeflora\/wp-json\/wp\/v2\/media?parent=170"}],"curies":[{"name":"wp","href":"https:\/\/api.w.org\/{rel}","templated":true}]}}