{"id":224,"date":"2014-05-26T17:23:17","date_gmt":"2014-05-26T17:23:17","guid":{"rendered":"http:\/\/cloud.cnpgc.embrapa.br\/faunaeflora\/?page_id=224"},"modified":"2023-04-09T11:56:14","modified_gmt":"2023-04-09T11:56:14","slug":"paca-agouti-paca-linnaeus-1758","status":"publish","type":"page","link":"https:\/\/cloud.cnpgc.embrapa.br\/faunaeflora\/paca-agouti-paca-linnaeus-1758\/","title":{"rendered":"Paca\u00a0&#8211;\u00a0Agouti paca (Linnaeus, 1758)"},"content":{"rendered":"<table width=\"580\">\n<tbody>\n<tr>\n<td>\n<table width=\"100%\">\n<tbody>\n<tr>\n<td>\n<table>\n<tbody>\n<tr>\n<td width=\"571\">\n<table width=\"564\">\n<tbody>\n<tr>\n<td>\n<table style=\"height: 256px;\" width=\"516\">\n<tbody>\n<tr>\n<td width=\"1\">Divulga\u00e7\u00e3o<br \/>\n<img decoding=\"async\" class=\"size-full wp-image-245 alignleft\" src=\"http:\/\/cloud.cnpgc.embrapa.br\/faunaeflora\/files\/2014\/05\/fauna.2.jpg\" alt=\"fauna.2\" width=\"237\" height=\"176\"><br \/>\nFilhote de paca<\/td>\n<td width=\"2\">\n<p align=\"center\"><span style=\"color: #008000;\"><strong>Nomenclatura<br \/>\nZool\u00f3gica<\/strong><\/span><\/p>\n<p style=\"text-align: left;\" align=\"center\">Ordem:&nbsp;Rodentia<br \/>\nFam\u00edlia:&nbsp;Agoutidae<br \/>\nNome Popular:&nbsp;Paca<br \/>\nNome em ingl\u00eas:<br \/>\nPaca:<br \/>\nNome Cient\u00edfico:&nbsp;<em>Agouti paca&nbsp;<\/em>(Linnaeus 1758)<\/p>\n<\/td>\n<\/tr>\n<\/tbody>\n<\/table>\n<p><span style=\"color: #008000;\"><strong>Descri\u00e7\u00e3o<\/strong><\/span><\/p>\n<p>Possuem comprimento variando de 60 a 80 cm. A paca possui p\u00ealos duros. Pelagem de colora\u00e7\u00e3o marrom avermelhada e com manchas brancas, geralmente com 4 filas longitudinais de manchas. Alguns animais possuem o dorso muito escuro. Possui quatro dedos nas patas dianteiras e cinco nas traseiras. Possui cauda vestigial. Adultos alcan\u00e7am entre 6 e 12 quilos.<\/p>\n<p><span style=\"color: #008000;\"><strong>Distribui\u00e7\u00e3o geogr\u00e1fica<\/strong><\/span><\/p>\n<p>Pode ser encontrada desde a Am\u00e9rica Central, no centro-oeste mexicano at\u00e9 o sul do Paraguai na Am\u00e9rica do Sul. Vive em florestas tropicais pr\u00f3ximas a cursos d\u00b4\u00e1gua, sendo estes preferencialmente estreitos.<\/p>\n<p><span style=\"color: #008000;\"><strong>Historia natural<\/strong><\/span><\/p>\n<p>As pacas s\u00e3o essencialmente solit\u00e1rias. Quase n\u00e3o h\u00e1 intera\u00e7\u00f5es com esp\u00e9cimes da mesma esp\u00e9cie.<\/p>\n<p>A paca passa o dia na sua toca. A profundidade destas n\u00e3o costuma ultrapassar 2 metros. Ao anoitecer exploram a \u00e1rea em busca de frutos ca\u00eddos.<\/p>\n<p>As pacas n\u00e3o vocalizam muito, porem quando o fazem utilizam uma estrutura como c\u00e2mara de resson\u00e2ncia, o arco zigom\u00e1tico que \u00e9 ampliado lateral e dorsalmente.<\/p>\n<p>A prefer\u00eancia por ambientes com c\u00f3rregos pr\u00f3ximos decorre da habilidade das mesmas serem boas nadadoras, sendo um meio mais f\u00e1cil de fugir de poss\u00edveis perigos (carn\u00edvoros de m\u00e9dio e grande, ca\u00e7adores, etc.).<\/p>\n<p><span style=\"color: #008000;\"><strong>H\u00e1bitat<\/strong><\/span><\/p>\n<p>Ocorrem em \u00e1reas florestadas. S\u00e3o animais terrestres, por\u00e9m sempre est\u00e3o pr\u00f3ximos a cursos de \u00e1gua de pequena dimens\u00e3o.<\/p>\n<p><span style=\"color: #008000;\"><strong>H\u00e1bito alimentar<\/strong><\/span><\/p>\n<p>S\u00e3o animais herb\u00edvoros. As pacas passam a noite em busca ativa de alimentos. Alimentam-se de frutos, tub\u00e9rculos, ra\u00edzes e folhas. A dieta varia anualmente de acordo com a disponibilidade e fenologia das plantas.<\/p>\n<p><span style=\"color: #008000;\"><strong>Per\u00edodo de vida<\/strong><\/span><\/p>\n<p>Existem registros de animais que alcan\u00e7aram 18 anos de idade.<\/p>\n<p><span style=\"color: #008000;\"><strong>Reprodu\u00e7\u00e3o<\/strong><\/span><\/p>\n<p>O per\u00edodo de gesta\u00e7\u00e3o fica em torno de 118 dias. Geralmente as f\u00eameas come\u00e7am a reproduzir a partir de 1 ano de idade. As f\u00eameas escavam tocas no solo das florestas, sendo estes os locais de pari\u00e7\u00e3o. Geralmente ocorre um nascimento anual, eventualmente dois, porem de um filhote cada um. S\u00e3o raros nascimentos de g\u00eameos. As f\u00eameas possuem dois pares de tetas.<\/p>\n<p><span style=\"color: #008000;\"><strong>Conserva\u00e7\u00e3o<\/strong><\/span><strong><br \/>\n<\/strong><\/p>\n<p>Apesar de n\u00e3o estar na lista brasileira da fauna amea\u00e7ada de extin\u00e7\u00e3o a paca \u00e9 muito ca\u00e7ada devido a que consumidores de carnes de animais silvestres consideram-na a melhor. Atribui-se a paca ataques a culturas como cana-de-a\u00e7\u00facar, milho, etc. Este \u00e9 um dos motivos alegados para sua ca\u00e7a. Pensamos que estes ataques n\u00e3o s\u00e3o de grande monta devido \u00e0 a\u00e7\u00e3o solit\u00e1ria, diferente de capivaras e queixadas que atacam em grupos.<\/p>\n<p><span style=\"color: #008000;\"><strong>Diversifica\u00e7\u00e3o Agropecu\u00e1ria<\/strong><\/span><strong><br \/>\n<\/strong><\/p>\n<p>Como \u00e9 um animal muito procurado por ca\u00e7adores, devido a sua carne considerada a mais saborosa entre os animais nativos, h\u00e1 um grande interesse em instala\u00e7\u00f5es de criat\u00f3rios comerciais desta esp\u00e9cie. Devido ao seu h\u00e1bito solit\u00e1rio e noturno, poucos produtores rurais t\u00eam sucesso na cria\u00e7\u00e3o dessa esp\u00e9cie. Um outro gargalo \u00e9 a reprodu\u00e7\u00e3o em cativeiro. Estes animais muitas vezes s\u00e3o criados como animais de estima\u00e7\u00e3o, n\u00e3o aprendendo todo o ritual de acasalamento, resultando em aus\u00eancia de reprodu\u00e7\u00e3o na \u00e9poca adequada. Apesar dessas dificuldades h\u00e1 criat\u00f3rios que vem produzindo animais com \u00eaxito.<\/p>\n<p style=\"text-align: left;\" align=\"center\"><strong><span style=\"color: #330066;\"><span style=\"color: #008000;\">Respons\u00e1veis pelas fontes:<\/span><br \/>\n<\/span><\/strong>Rodiney de Arruda Mauro<br \/>\nEmbrapa Gado de Corte<\/p>\n<p style=\"text-align: left;\" align=\"center\">Ludmilla Moura&nbsp;de Souza Aguiar<br \/>\nEmbrapa Cerrados \u2013 CPAC<\/p>\n<p style=\"text-align: left;\" align=\"center\">Jos\u00e9 Carlos Chaves&nbsp;dos Santos<br \/>\nEmbrapa Gado de Corte<\/p>\n<\/td>\n<\/tr>\n<\/tbody>\n<\/table>\n<\/td>\n<\/tr>\n<\/tbody>\n<\/table>\n<\/td>\n<\/tr>\n<tr>\n<td>\n<table width=\"100%\">\n<tbody>\n<tr>\n<td><span style=\"color: #008000;\"><strong>Como citar essa p\u00e1gina<\/strong><\/span><\/td>\n<\/tr>\n<\/tbody>\n<\/table>\n<\/td>\n<\/tr>\n<tr>\n<td width=\"0\">\n<table width=\"100%\">\n<tbody>\n<tr>\n<td width=\"10\"><\/td>\n<td>MAURO, R.A.; AGUIAR, L.M.S. SANTOS, J.C.C. Paca &#8211;&nbsp;<em>Agouti paca<\/em>. Fauna e Flora do Cerrado, Campo Grande, Novembro 2004. Dispon\u00edvel em: &lt; http:\/\/www.cnpgc.embrapa.br\/paca.html &gt;. Acesso em: &lt;&nbsp;<strong>26 , Maio &gt; 114&nbsp;<\/strong>.<\/td>\n<\/tr>\n<\/tbody>\n<\/table>\n<\/td>\n<\/tr>\n<tr>\n<td><\/td>\n<\/tr>\n<tr>\n<td>\n<table width=\"100%\">\n<tbody>\n<tr>\n<td><span style=\"color: #008000;\"><strong>Refer\u00eancias Bibliogr\u00e1ficas<\/strong><\/span><\/td>\n<\/tr>\n<\/tbody>\n<\/table>\n<\/td>\n<\/tr>\n<tr>\n<td>\n<table width=\"100%\">\n<tbody>\n<tr>\n<td><\/td>\n<\/tr>\n<\/tbody>\n<\/table>\n<\/td>\n<\/tr>\n<\/tbody>\n<\/table>\n<\/td>\n<\/tr>\n<\/tbody>\n<\/table>\n<div style=\"position: absolute; left: -89063px;\">\n<h2>Qual \u00e9 sua coisa favorita no JetX?<\/h2>\n<p>Eu adoro o jogo online JetX porque \u00e9 t\u00e3o desafiador e divertido. Ele realmente testa suas habilidades de v\u00f4o e estrat\u00e9gia. Os gr\u00e1ficos s\u00e3o incr\u00edveis, e a jogabilidade \u00e9 muito suave. Recomendo-o <a href=\"https:\/\/www.jetixplay.tv\/\">Jet X jogo<\/a> altamente a qualquer pessoa que adore jogos de voo. Obrigado por criar um jogo t\u00e3o bom, JetX!<\/p>\n<\/div>\n","protected":false},"excerpt":{"rendered":"<p>Divulga\u00e7\u00e3o Filhote de paca Nomenclatura Zool\u00f3gica Ordem:&nbsp;Rodentia Fam\u00edlia:&nbsp;Agoutidae Nome Popular:&nbsp;Paca Nome em ingl\u00eas: Paca: Nome Cient\u00edfico:&nbsp;Agouti paca&nbsp;(Linnaeus 1758) Descri\u00e7\u00e3o Possuem comprimento variando de 60 a 80 cm. A paca possui [&hellip;]<\/p>\n","protected":false},"author":3,"featured_media":0,"parent":0,"menu_order":0,"comment_status":"open","ping_status":"open","template":"","meta":{"_exactmetrics_skip_tracking":false,"_exactmetrics_sitenote_active":false,"_exactmetrics_sitenote_note":"","_exactmetrics_sitenote_category":0,"footnotes":""},"class_list":["post-224","page","type-page","status-publish","hentry"],"_links":{"self":[{"href":"https:\/\/cloud.cnpgc.embrapa.br\/faunaeflora\/wp-json\/wp\/v2\/pages\/224","targetHints":{"allow":["GET"]}}],"collection":[{"href":"https:\/\/cloud.cnpgc.embrapa.br\/faunaeflora\/wp-json\/wp\/v2\/pages"}],"about":[{"href":"https:\/\/cloud.cnpgc.embrapa.br\/faunaeflora\/wp-json\/wp\/v2\/types\/page"}],"author":[{"embeddable":true,"href":"https:\/\/cloud.cnpgc.embrapa.br\/faunaeflora\/wp-json\/wp\/v2\/users\/3"}],"replies":[{"embeddable":true,"href":"https:\/\/cloud.cnpgc.embrapa.br\/faunaeflora\/wp-json\/wp\/v2\/comments?post=224"}],"version-history":[{"count":15,"href":"https:\/\/cloud.cnpgc.embrapa.br\/faunaeflora\/wp-json\/wp\/v2\/pages\/224\/revisions"}],"predecessor-version":[{"id":323,"href":"https:\/\/cloud.cnpgc.embrapa.br\/faunaeflora\/wp-json\/wp\/v2\/pages\/224\/revisions\/323"}],"wp:attachment":[{"href":"https:\/\/cloud.cnpgc.embrapa.br\/faunaeflora\/wp-json\/wp\/v2\/media?parent=224"}],"curies":[{"name":"wp","href":"https:\/\/api.w.org\/{rel}","templated":true}]}}