{"id":95,"date":"2015-02-13T09:37:02","date_gmt":"2015-02-13T13:37:02","guid":{"rendered":"http:\/\/cloud.cnpgc.embrapa.br\/nti\/?page_id=95"},"modified":"2015-04-16T16:24:40","modified_gmt":"2015-04-16T20:24:40","slug":"diagnostico-de-necessidade-de-notebook","status":"publish","type":"page","link":"https:\/\/cloud.cnpgc.embrapa.br\/nti\/diagnostico-de-necessidade-de-notebook\/","title":{"rendered":"Diagn\u00f3stico de Necessidade de Notebook"},"content":{"rendered":"<p style=\"text-align: justify;\">Para requisi\u00e7\u00e3o um novo <em>notebook<\/em>, <em>ultrabook<\/em> ou <em>netbook<\/em>\u00a0ou a substitui\u00e7\u00e3o de um obsoleto, por favor, preencha o formul\u00e1rio abaixo.\u00a0Para conhecer os crit\u00e9rios de ced\u00eancia e prioriza\u00e7\u00e3o adotados pela Unidade,\u00a0leia a <a href=\"http:\/\/cloud.cnpgc.embrapa.br\/nti\/files\/2014\/09\/Norma_para_Disponibilizacao_e_Renovacao_de_Notebooks.pdf\">Norma de Disponibiliza\u00e7\u00e3o e Renova\u00e7\u00e3o de Notebooks da Embrapa Gado de Corte<\/a>.<\/p>\n<p style=\"text-align: justify;\">A configura\u00e7\u00e3o atual dos notebooks\u00a0novos, dispon\u00edveis no NTI, \u00e9 a seguinte: <strong>ultrabook da marca LG (modelo 13Z940-GBK71P1), com processador Intel Core i7 (modelo 4500U com 1.8 GHz e 4M Cache), tela de 13,3 polegadas, 8GB de mem\u00f3ria DDR3, HD SSD de 128GB\u00a0e placa de v\u00eddeo\u00a0Intel\u00ae HD Graphics 4400<\/strong>. Repare, no entanto, que a configura\u00e7\u00e3o do notebook\u00a0disponibilizado poder\u00e1 ser diferente desta em fun\u00e7\u00e3o do objetivo de uso da m\u00e1quina. Por exemplo, caso seja\u00a0destinada ao uso exclusivamente em equipamentos ou por estagi\u00e1rios e bolsistas, poder\u00e1 ser disponibilizado um notebook\u00a0usado.<\/p>\n<p><iframe style=\"border: #EEE 2px solid; width: 100%; height: 500px; overflow: auto;\" src=\"https:\/\/docs.google.com\/forms\/d\/1qTi4_5IhrGapyh_EIMvsECW6jsZawcp8sJDeB7qRuCc\/viewform?embedded=true\" width=\"100%\" height=\"500\" frameborder=\"0\" marginwidth=\"0\" marginheight=\"0\">Loading&#8230;<\/iframe><\/p>\n","protected":false},"excerpt":{"rendered":"<p>Para requisi\u00e7\u00e3o um novo notebook, ultrabook ou netbook\u00a0ou a substitui\u00e7\u00e3o de um obsoleto, por favor, preencha o formul\u00e1rio abaixo.\u00a0Para conhecer os crit\u00e9rios de ced\u00eancia e prioriza\u00e7\u00e3o adotados pela Unidade,\u00a0leia a [&hellip;]<\/p>\n","protected":false},"author":1,"featured_media":0,"parent":0,"menu_order":0,"comment_status":"open","ping_status":"open","template":"","meta":{"_exactmetrics_skip_tracking":false,"_exactmetrics_sitenote_active":false,"_exactmetrics_sitenote_note":"","_exactmetrics_sitenote_category":0,"footnotes":""},"class_list":["post-95","page","type-page","status-publish","hentry"],"_links":{"self":[{"href":"https:\/\/cloud.cnpgc.embrapa.br\/nti\/wp-json\/wp\/v2\/pages\/95","targetHints":{"allow":["GET"]}}],"collection":[{"href":"https:\/\/cloud.cnpgc.embrapa.br\/nti\/wp-json\/wp\/v2\/pages"}],"about":[{"href":"https:\/\/cloud.cnpgc.embrapa.br\/nti\/wp-json\/wp\/v2\/types\/page"}],"author":[{"embeddable":true,"href":"https:\/\/cloud.cnpgc.embrapa.br\/nti\/wp-json\/wp\/v2\/users\/1"}],"replies":[{"embeddable":true,"href":"https:\/\/cloud.cnpgc.embrapa.br\/nti\/wp-json\/wp\/v2\/comments?post=95"}],"version-history":[{"count":5,"href":"https:\/\/cloud.cnpgc.embrapa.br\/nti\/wp-json\/wp\/v2\/pages\/95\/revisions"}],"predecessor-version":[{"id":108,"href":"https:\/\/cloud.cnpgc.embrapa.br\/nti\/wp-json\/wp\/v2\/pages\/95\/revisions\/108"}],"wp:attachment":[{"href":"https:\/\/cloud.cnpgc.embrapa.br\/nti\/wp-json\/wp\/v2\/media?parent=95"}],"curies":[{"name":"wp","href":"https:\/\/api.w.org\/{rel}","templated":true}]}}